CRAN Package Check Results for Package whereport

Last updated on 2020-08-09 09:47:05 CEST.

Flavor Version Tinstall Tcheck Ttotal Status Flags
r-devel-linux-x86_64-debian-clang 0.1 1.90 23.09 24.99 OK
r-devel-linux-x86_64-debian-gcc 0.1 1.75 17.62 19.37 OK
r-devel-linux-x86_64-fedora-clang 0.1 38.51 NOTE
r-devel-linux-x86_64-fedora-gcc 0.1 28.74 NOTE
r-devel-windows-ix86+x86_64 0.1 7.00 53.00 60.00 OK
r-patched-linux-x86_64 0.1 1.88 22.57 24.45 OK
r-patched-solaris-x86 0.1 44.80 NOTE
r-release-linux-x86_64 0.1 1.96 22.38 24.34 OK
r-release-macos-x86_64 0.1 NOTE
r-release-windows-ix86+x86_64 0.1 9.00 47.00 56.00 OK
r-oldrel-macos-x86_64 0.1 NOTE
r-oldrel-windows-ix86+x86_64 0.1 5.00 46.00 51.00 OK

Check Details

Version: 0.1
Check: data for non-ASCII characters
Result: NOTE
     Note: found 4102 marked UTF-8 strings
Flavors: r-devel-linux-x86_64-fedora-clang, r-devel-linux-x86_64-fedora-gcc, r-patched-solaris-x86, r-release-macos-x86_64, r-oldrel-macos-x86_64