CRAN Package Check Results for Package whereami

Last updated on 2023-02-05 09:57:34 CET.

Flavor Version Tinstall Tcheck Ttotal Status Flags
r-devel-linux-x86_64-debian-clang 0.2.0 3.04 43.52 46.56 OK
r-devel-linux-x86_64-debian-gcc 0.2.0 2.17 33.96 36.13 OK
r-devel-linux-x86_64-fedora-clang 0.2.0 58.65 OK
r-devel-linux-x86_64-fedora-gcc 0.2.0 73.94 OK
r-devel-windows-x86_64 0.2.0 28.00 83.00 111.00 OK
r-patched-linux-x86_64 0.2.0 2.41 44.13 46.54 ERROR
r-release-linux-x86_64 0.2.0 2.78 39.86 42.64 OK
r-release-macos-arm64 0.2.0 24.00 OK
r-release-macos-x86_64 0.2.0 36.00 OK
r-release-windows-x86_64 0.2.0 28.00 87.00 115.00 OK
r-oldrel-macos-arm64 0.2.0 36.00 OK
r-oldrel-macos-x86_64 0.2.0 43.00 OK
r-oldrel-windows-ix86+x86_64 0.2.0 7.00 76.00 83.00 OK

Check Details

Version: 0.2.0
Check: re-building of vignette outputs
Result: ERROR
    Error(s) in re-building vignettes:
     ...
    --- re-building ‘counters.Rmd’ using rmarkdown
    --- finished re-building ‘counters.Rmd’
    
    --- re-building ‘plots.Rmd’ using rmarkdown
    --- finished re-building ‘plots.Rmd’
    
    --- re-building ‘printing.Rmd’ using rmarkdown
    --- finished re-building ‘printing.Rmd’
    
    --- re-building ‘shiny.Rmd’ using rmarkdown
    --- finished re-building ‘shiny.Rmd’
    
    --- re-building ‘tables.Rmd’ using rmarkdown
    --- finished re-building ‘tables.Rmd’
    
    --- re-building ‘tests_and_coverage.Rmd’ using rmarkdown
    Could not fetch https://github.com/metrumresearchgroup/covrpage/blob/actions/inst/logo/gh.png?raw=true
    HttpExceptionRequest Request {
     host = "github.com"
     port = 443
     secure = True
     requestHeaders = []
     path = "/metrumresearchgroup/covrpage/blob/actions/inst/logo/gh.png"
     queryString = "?raw=true"
     method = "GET"
     proxy = Nothing
     rawBody = False
     redirectCount = 10
     responseTimeout = ResponseTimeoutDefault
     requestVersion = HTTP/1.1
     proxySecureMode = ProxySecureWithConnect
    }
     ResponseTimeout
    Error: processing vignette ‘tests_and_coverage.Rmd’ failed with diagnostics:
    pandoc document conversion failed with error 61
    --- failed re-building ‘tests_and_coverage.Rmd’
    
    SUMMARY: processing the following file failed:
     ‘tests_and_coverage.Rmd’
    
    Error: Vignette re-building failed.
    Execution halted
Flavor: r-patched-linux-x86_64