CRAN Package Check Results for Package weco

Last updated on 2020-08-11 09:48:53 CEST.

Flavor Version Tinstall Tcheck Ttotal Status Flags
r-devel-linux-x86_64-debian-clang 1.2 3.10 22.49 25.59 NOTE
r-devel-linux-x86_64-debian-gcc 1.2 2.24 17.96 20.20 NOTE
r-devel-linux-x86_64-fedora-clang 1.2 39.61 OK
r-devel-linux-x86_64-fedora-gcc 1.2 31.78 OK
r-devel-windows-ix86+x86_64 1.2 13.00 57.00 70.00 NOTE
r-patched-linux-x86_64 1.2 2.29 22.40 24.69 NOTE
r-patched-solaris-x86 1.2 49.20 OK
r-release-linux-x86_64 1.2 2.58 22.34 24.92 NOTE
r-release-macos-x86_64 1.2 OK
r-release-windows-ix86+x86_64 1.2 10.00 56.00 66.00 NOTE
r-oldrel-macos-x86_64 1.2 OK
r-oldrel-windows-ix86+x86_64 1.2 8.00 46.00 54.00 OK

Check Details

Version: 1.2
Check: package vignettes
Result: NOTE
    Package vignette with placeholder title 'Vignette Title':
     'weco-vignette.Rmd'
Flavors: r-devel-linux-x86_64-debian-clang, r-devel-linux-x86_64-debian-gcc, r-devel-windows-ix86+x86_64, r-patched-linux-x86_64, r-release-linux-x86_64, r-release-windows-ix86+x86_64