CRAN Package Check Results for Package webreadr

Last updated on 2020-09-29 09:49:12 CEST.

Flavor Version Tinstall Tcheck Ttotal Status Flags
r-devel-linux-x86_64-debian-clang 0.4.0 21.66 39.44 61.10 OK
r-devel-linux-x86_64-debian-gcc 0.4.0 16.03 29.97 46.00 OK
r-devel-linux-x86_64-fedora-clang 0.4.0 95.02 NOTE
r-devel-linux-x86_64-fedora-gcc 0.4.0 76.06 NOTE
r-devel-windows-ix86+x86_64 0.4.0 43.00 73.00 116.00 OK
r-patched-linux-x86_64 0.4.0 20.64 36.59 57.23 OK
r-patched-solaris-x86 0.4.0 92.90 NOTE
r-release-linux-x86_64 0.4.0 16.47 37.42 53.89 OK
r-release-macos-x86_64 0.4.0 OK
r-release-windows-ix86+x86_64 0.4.0 53.00 91.00 144.00 OK
r-oldrel-macos-x86_64 0.4.0 OK
r-oldrel-windows-ix86+x86_64 0.4.0 47.00 84.00 131.00 OK

Check Details

Version: 0.4.0
Check: compiled code
Result: NOTE
    File ‘webreadr/libs/webreadr.so’:
     Found no calls to: ‘R_registerRoutines’, ‘R_useDynamicSymbols’
    
    It is good practice to register native routines and to disable symbol
    search.
    
    See ‘Writing portable packages’ in the ‘Writing R Extensions’ manual.
Flavors: r-devel-linux-x86_64-fedora-clang, r-devel-linux-x86_64-fedora-gcc

Version: 0.4.0
Check: package dependencies
Result: NOTE
    Package suggested but not available for checking: ‘iptools’
Flavor: r-patched-solaris-x86