CRAN Package Check Results for Package webr

Last updated on 2020-08-14 10:03:54 CEST.

Flavor Version Tinstall Tcheck Ttotal Status Flags
r-devel-linux-x86_64-debian-clang 0.1.5 11.44 118.38 129.82 OK
r-devel-linux-x86_64-debian-gcc 0.1.5 8.99 89.64 98.63 OK
r-devel-linux-x86_64-fedora-clang 0.1.5 157.71 NOTE
r-devel-linux-x86_64-fedora-gcc 0.1.5 155.49 NOTE
r-devel-windows-ix86+x86_64 0.1.5 47.00 205.00 252.00 OK
r-patched-linux-x86_64 0.1.5 9.31 115.58 124.89 OK
r-patched-solaris-x86 0.1.5 220.90 NOTE
r-release-linux-x86_64 0.1.5 12.95 116.09 129.04 OK
r-release-macos-x86_64 0.1.5 NOTE
r-release-windows-ix86+x86_64 0.1.5 41.00 132.00 173.00 OK
r-oldrel-macos-x86_64 0.1.5 NOTE
r-oldrel-windows-ix86+x86_64 0.1.5 24.00 142.00 166.00 OK

Check Details

Version: 0.1.5
Check: dependencies in R code
Result: NOTE
    Namespaces in Imports field not imported from:
     ‘shiny’ ‘tidyselect’
     All declared Imports should be used.
Flavors: r-devel-linux-x86_64-fedora-clang, r-devel-linux-x86_64-fedora-gcc, r-patched-solaris-x86, r-release-macos-x86_64, r-oldrel-macos-x86_64