CRAN Package Check Results for Package webdriver

Last updated on 2022-08-10 10:52:23 CEST.

Flavor Version Tinstall Tcheck Ttotal Status Flags
r-devel-linux-x86_64-debian-clang 1.0.6 4.61 33.52 38.13 NOTE
r-devel-linux-x86_64-debian-gcc 1.0.6 3.83 26.01 29.84 NOTE
r-devel-linux-x86_64-fedora-clang 1.0.6 58.70 NOTE
r-devel-linux-x86_64-fedora-gcc 1.0.6 56.67 NOTE
r-devel-windows-x86_64 1.0.6 28.00 57.00 85.00 NOTE
r-patched-linux-x86_64 1.0.6 6.43 32.11 38.54 NOTE
r-release-linux-x86_64 1.0.6 NOTE
r-release-macos-arm64 1.0.6 21.00 NOTE
r-release-macos-x86_64 1.0.6 27.00 NOTE
r-release-windows-x86_64 1.0.6 38.00 57.00 95.00 NOTE
r-oldrel-macos-arm64 1.0.6 25.00 NOTE
r-oldrel-macos-x86_64 1.0.6 29.00 NOTE
r-oldrel-windows-ix86+x86_64 1.0.6 12.00 55.00 67.00 NOTE

Check Details

Version: 1.0.6
Check: LazyData
Result: NOTE
     'LazyData' is specified without a 'data' directory
Flavors: r-devel-linux-x86_64-debian-clang, r-devel-linux-x86_64-debian-gcc, r-devel-linux-x86_64-fedora-clang, r-devel-linux-x86_64-fedora-gcc, r-devel-windows-x86_64, r-patched-linux-x86_64, r-release-linux-x86_64, r-release-macos-arm64, r-release-macos-x86_64, r-release-windows-x86_64, r-oldrel-macos-arm64, r-oldrel-macos-x86_64, r-oldrel-windows-ix86+x86_64