Last updated on 2023-03-24 10:54:24 CET.
Flavor | Version | Tinstall | Tcheck | Ttotal | Status | Flags |
---|---|---|---|---|---|---|
r-devel-linux-x86_64-debian-clang | 0.8.1 | 18.07 | 157.45 | 175.52 | NOTE | |
r-devel-linux-x86_64-debian-gcc | 0.8.1 | 16.30 | 114.55 | 130.85 | NOTE | |
r-devel-linux-x86_64-fedora-clang | 0.8.1 | 207.61 | NOTE | |||
r-devel-linux-x86_64-fedora-gcc | 0.8.1 | 204.76 | NOTE | |||
r-patched-linux-x86_64 | 0.8.1 | 16.87 | 145.80 | 162.67 | OK | |
r-release-linux-x86_64 | 0.8.1 | 15.52 | 144.51 | 160.03 | OK | |
r-release-macos-arm64 | 0.8.1 | 58.00 | OK | |||
r-release-macos-x86_64 | 0.8.1 | 100.00 | OK | |||
r-release-windows-x86_64 | 0.8.1 | 64.00 | 167.00 | 231.00 | OK | |
r-oldrel-macos-arm64 | 0.8.1 | 45.00 | OK | |||
r-oldrel-macos-x86_64 | 0.8.1 | 76.00 | OK | |||
r-oldrel-windows-ix86+x86_64 | 0.8.1 | 43.00 | 168.00 | 211.00 | NOTE |
Version: 0.8.1
Check: package subdirectories
Result: NOTE
Problems with news in ‘NEWS.md’:
No news entries found.
Flavors: r-devel-linux-x86_64-debian-clang, r-devel-linux-x86_64-debian-gcc, r-devel-linux-x86_64-fedora-clang, r-devel-linux-x86_64-fedora-gcc
Version: 0.8.1
Check: R code for possible problems
Result: NOTE
Initiating curl with CURL_SSL_BACKEND: openssl
Flavor: r-oldrel-windows-ix86+x86_64