Last updated on 2023-01-28 10:51:45 CET.
Flavor | Version | Tinstall | Tcheck | Ttotal | Status | Flags |
---|---|---|---|---|---|---|
r-devel-linux-x86_64-debian-clang | 0.2.6 | 3.80 | 36.25 | 40.05 | OK | |
r-devel-linux-x86_64-debian-gcc | 0.2.6 | 2.78 | 27.70 | 30.48 | OK | |
r-devel-linux-x86_64-fedora-clang | 0.2.6 | 52.73 | OK | |||
r-devel-linux-x86_64-fedora-gcc | 0.2.6 | 64.95 | OK | |||
r-patched-linux-x86_64 | 0.2.6 | 3.16 | 36.19 | 39.35 | OK | |
r-release-linux-x86_64 | 0.2.6 | 2.80 | 36.76 | 39.56 | OK | |
r-release-macos-arm64 | 0.2.6 | 22.00 | OK | |||
r-release-macos-x86_64 | 0.2.6 | 28.00 | OK | |||
r-release-windows-x86_64 | 0.2.6 | 13.00 | 72.00 | 85.00 | OK | |
r-oldrel-macos-arm64 | 0.2.6 | 26.00 | OK | |||
r-oldrel-macos-x86_64 | 0.2.6 | 31.00 | OK | |||
r-oldrel-windows-ix86+x86_64 | 0.2.6 | 9.00 | 77.00 | 86.00 | WARN |
Version: 0.2.6
Check: for unstated dependencies in ‘tests’
Result: WARN
Warning: unable to access index for repository https://bioconductor.org/packages/3.14/bioc/src/contrib:
cannot open URL 'https://bioconductor.org/packages/3.14/bioc/src/contrib/PACKAGES'
Warning: unable to access index for repository https://bioconductor.org/packages/3.14/data/annotation/src/contrib:
cannot open URL 'https://bioconductor.org/packages/3.14/data/annotation/src/contrib/PACKAGES'
Warning: unable to access index for repository https://bioconductor.org/packages/3.14/data/experiment/src/contrib:
cannot open URL 'https://bioconductor.org/packages/3.14/data/experiment/src/contrib/PACKAGES'
Flavor: r-oldrel-windows-ix86+x86_64