CRAN Package Check Results for Package warpMix

Last updated on 2020-08-06 09:49:18 CEST.

Flavor Version Tinstall Tcheck Ttotal Status Flags
r-devel-linux-x86_64-debian-clang 0.1.0 12.53 87.25 99.78 OK
r-devel-linux-x86_64-debian-gcc 0.1.0 8.81 66.22 75.03 OK
r-devel-linux-x86_64-fedora-clang 0.1.0 125.83 NOTE
r-devel-linux-x86_64-fedora-gcc 0.1.0 114.43 NOTE
r-devel-windows-ix86+x86_64 0.1.0 32.00 122.00 154.00 OK
r-patched-linux-x86_64 0.1.0 9.33 84.72 94.05 OK
r-patched-solaris-x86 0.1.0 183.00 NOTE
r-release-linux-x86_64 0.1.0 9.48 83.99 93.47 OK
r-release-macos-x86_64 0.1.0 NOTE
r-release-windows-ix86+x86_64 0.1.0 31.00 127.00 158.00 OK
r-oldrel-macos-x86_64 0.1.0 NOTE
r-oldrel-windows-ix86+x86_64 0.1.0 19.00 114.00 133.00 OK

Check Details

Version: 0.1.0
Check: dependencies in R code
Result: NOTE
    Namespace in Imports field not imported from: ‘nlme’
     All declared Imports should be used.
Flavors: r-devel-linux-x86_64-fedora-clang, r-devel-linux-x86_64-fedora-gcc, r-patched-solaris-x86, r-release-macos-x86_64, r-oldrel-macos-x86_64