CRAN Package Check Results for Package warbleR

Last updated on 2023-02-06 09:56:01 CET.

Flavor Version Tinstall Tcheck Ttotal Status Flags
r-devel-linux-x86_64-debian-clang 1.1.28 56.09 245.98 302.07 OK
r-devel-linux-x86_64-debian-gcc 1.1.28 38.76 177.21 215.97 OK
r-devel-linux-x86_64-fedora-clang 1.1.28 372.17 NOTE
r-devel-linux-x86_64-fedora-gcc 1.1.28 387.33 OK
r-devel-windows-x86_64 1.1.28 115.00 340.00 455.00 NOTE
r-patched-linux-x86_64 1.1.28 49.92 221.32 271.24 OK
r-release-linux-x86_64 1.1.28 46.77 220.58 267.35 OK
r-release-macos-arm64 1.1.28 118.00 NOTE
r-release-macos-x86_64 1.1.28 145.00 NOTE
r-release-windows-x86_64 1.1.28 110.00 311.00 421.00 NOTE
r-oldrel-macos-arm64 1.1.28 107.00 NOTE
r-oldrel-macos-x86_64 1.1.28 149.00 NOTE
r-oldrel-windows-ix86+x86_64 1.1.28 96.00 367.00 463.00 NOTE

Check Details

Version: 1.1.28
Check: installed package size
Result: NOTE
     installed size is 7.4Mb
     sub-directories of 1Mb or more:
     R 1.2Mb
     doc 5.5Mb
Flavors: r-devel-linux-x86_64-fedora-clang, r-devel-windows-x86_64, r-release-macos-arm64, r-release-macos-x86_64, r-release-windows-x86_64, r-oldrel-macos-arm64, r-oldrel-macos-x86_64, r-oldrel-windows-ix86+x86_64