Last updated on 2024-04-17 08:57:50 CEST.
Flavor | Version | Tinstall | Tcheck | Ttotal | Status | Flags |
---|---|---|---|---|---|---|
r-devel-linux-x86_64-debian-clang | 0.1.1 | 8.49 | 113.46 | 121.95 | OK | |
r-devel-linux-x86_64-debian-gcc | 0.1.1 | 7.96 | 84.79 | 92.75 | OK | |
r-devel-linux-x86_64-fedora-clang | 0.1.1 | 162.08 | NOTE | |||
r-devel-linux-x86_64-fedora-gcc | 0.1.1 | 158.03 | OK | |||
r-prerel-macos-arm64 | 0.1.1 | 49.00 | OK | |||
r-prerel-windows-x86_64 | 0.1.1 | 10.00 | 95.00 | 105.00 | OK | |
r-patched-linux-x86_64 | 0.1.1 | 14.23 | 105.57 | 119.80 | OK | |
r-release-linux-x86_64 | 0.1.1 | 12.56 | 108.74 | 121.30 | OK | |
r-release-macos-arm64 | 0.1.1 | 50.00 | OK | |||
r-release-macos-x86_64 | 0.1.1 | 87.00 | OK | |||
r-release-windows-x86_64 | 0.1.1 | 14.00 | 113.00 | 127.00 | OK | |
r-oldrel-macos-arm64 | 0.1.1 | 53.00 | OK | |||
r-oldrel-windows-x86_64 | 0.1.1 | 14.00 | 121.00 | 135.00 | OK |
Version: 0.1.1
Check: Rd cross-references
Result: NOTE
Undeclared package ‘progress’ in Rd xrefs
Flavor: r-devel-linux-x86_64-fedora-clang