Last updated on 2024-04-26 10:56:54 CEST.
Flavor | Version | Tinstall | Tcheck | Ttotal | Status | Flags |
---|---|---|---|---|---|---|
r-devel-linux-x86_64-debian-clang | 1.6.5 | 135.52 | 132.38 | 267.90 | NOTE | |
r-devel-linux-x86_64-debian-gcc | 1.6.5 | 129.52 | 100.49 | 230.01 | NOTE | |
r-devel-linux-x86_64-fedora-clang | 1.6.5 | 330.37 | NOTE | |||
r-devel-linux-x86_64-fedora-gcc | 1.6.5 | 338.99 | NOTE | |||
r-devel-windows-x86_64 | 1.6.5 | 140.00 | 149.00 | 289.00 | NOTE | |
r-patched-linux-x86_64 | 1.6.5 | 156.51 | 122.56 | 279.07 | OK | |
r-release-linux-x86_64 | 1.6.5 | 161.62 | 124.78 | 286.40 | OK | |
r-release-macos-arm64 | 1.6.5 | 95.00 | NOTE | |||
r-release-windows-x86_64 | 1.6.5 | 137.00 | 151.00 | 288.00 | OK | |
r-oldrel-macos-arm64 | 1.6.5 | 94.00 | NOTE | |||
r-oldrel-macos-x86_64 | 1.6.5 | 135.00 | NOTE | |||
r-oldrel-windows-x86_64 | 1.6.5 | 165.00 | 171.00 | 336.00 | OK |
Version: 1.6.5
Check: compiled code
Result: NOTE
File ‘vroom/libs/vroom.so’:
Found non-API calls to R: ‘SETLENGTH’, ‘SET_TRUELENGTH’,
‘STDVEC_DATAPTR’
Compiled code should not call non-API entry points in R.
See ‘Writing portable packages’ in the ‘Writing R Extensions’ manual.
Flavors: r-devel-linux-x86_64-debian-clang, r-devel-linux-x86_64-debian-gcc, r-devel-linux-x86_64-fedora-clang, r-devel-linux-x86_64-fedora-gcc
Version: 1.6.5
Check: Rd cross-references
Result: NOTE
Undeclared package ‘readr’ in Rd xrefs
Flavor: r-devel-linux-x86_64-fedora-clang
Version: 1.6.5
Check: compiled code
Result: NOTE
File 'vroom/libs/x64/vroom.dll':
Found non-API calls to R: 'SETLENGTH', 'SET_TRUELENGTH',
'STDVEC_DATAPTR'
Compiled code should not call non-API entry points in R.
See 'Writing portable packages' in the 'Writing R Extensions' manual.
Flavor: r-devel-windows-x86_64
Version: 1.6.5
Check: installed package size
Result: NOTE
installed size is 9.9Mb
sub-directories of 1Mb or more:
libs 8.4Mb
Flavors: r-release-macos-arm64, r-oldrel-macos-arm64, r-oldrel-macos-x86_64