CRAN Package Check Results for Package visTree

Last updated on 2022-01-15 09:54:58 CET.

Flavor Version Tinstall Tcheck Ttotal Status Flags
r-devel-linux-x86_64-debian-clang 0.8.1 6.52 88.01 94.53 OK
r-devel-linux-x86_64-debian-gcc 0.8.1 6.42 67.10 73.52 OK
r-devel-linux-x86_64-fedora-clang 0.8.1 120.50 NOTE
r-devel-linux-x86_64-fedora-gcc 0.8.1 105.22 NOTE
r-devel-windows-x86_64-new-UL 0.8.1 24.00 117.00 141.00 OK
r-devel-windows-x86_64-new-TK 0.8.1 NOTE
r-patched-linux-x86_64 0.8.1 8.42 84.27 92.69 OK
r-release-linux-x86_64 0.8.1 6.58 84.63 91.21 OK
r-release-macos-arm64 0.8.1 NOTE
r-release-macos-x86_64 0.8.1 NOTE
r-release-windows-ix86+x86_64 0.8.1 17.00 103.00 120.00 OK
r-oldrel-macos-x86_64 0.8.1 NOTE
r-oldrel-windows-ix86+x86_64 0.8.1 17.00 102.00 119.00 OK

Check Details

Version: 0.8.1
Check: dependencies in R code
Result: NOTE
    Namespace in Imports field not imported from: ‘rpart’
     All declared Imports should be used.
Flavors: r-devel-linux-x86_64-fedora-clang, r-devel-linux-x86_64-fedora-gcc, r-devel-windows-x86_64-new-TK, r-release-macos-arm64, r-release-macos-x86_64, r-oldrel-macos-x86_64