CRAN Package Check Results for Package viewshed3d

Last updated on 2020-08-10 10:03:21 CEST.

Flavor Version Tinstall Tcheck Ttotal Status Flags
r-devel-linux-x86_64-debian-clang 3.2.0 4.07 42.10 46.17 NOTE
r-devel-linux-x86_64-debian-gcc 3.2.0 3.10 31.50 34.60 NOTE
r-devel-linux-x86_64-fedora-clang 3.2.0 62.15 NOTE
r-devel-linux-x86_64-fedora-gcc 3.2.0 58.62 NOTE
r-devel-windows-ix86+x86_64 3.2.0 9.00 69.00 78.00 OK
r-patched-linux-x86_64 3.2.0 3.90 40.10 44.00 NOTE
r-patched-solaris-x86 3.2.0 80.50 NOTE
r-release-linux-x86_64 3.2.0 4.09 40.15 44.24 NOTE
r-release-macos-x86_64 3.2.0 NOTE
r-release-windows-ix86+x86_64 3.2.0 14.00 64.00 78.00 OK
r-oldrel-macos-x86_64 3.2.0 NOTE
r-oldrel-windows-ix86+x86_64 3.2.0 7.00 44.00 51.00 OK

Check Details

Version: 3.2.0
Check: Rd cross-references
Result: NOTE
    Unknown package 'TreeLS' in Rd xrefs
Flavors: r-devel-linux-x86_64-debian-clang, r-devel-linux-x86_64-debian-gcc, r-devel-linux-x86_64-fedora-gcc, r-patched-linux-x86_64, r-patched-solaris-x86, r-release-linux-x86_64

Version: 3.2.0
Check: dependencies in R code
Result: NOTE
    Namespaces in Imports field not imported from:
     ‘sp’ ‘viridis’
     All declared Imports should be used.
Flavors: r-devel-linux-x86_64-fedora-clang, r-devel-linux-x86_64-fedora-gcc, r-patched-solaris-x86, r-release-macos-x86_64

Version: 3.2.0
Check: Rd cross-references
Result: NOTE
    Undeclared package ‘TreeLS’ in Rd xrefs
    Unknown package ‘TreeLS’ in Rd xrefs
Flavor: r-devel-linux-x86_64-fedora-clang

Version: 3.2.0
Check: dependencies in R code
Result: NOTE
    No protocol specified
    No protocol specified
    Namespaces in Imports field not imported from:
     ‘sp’ ‘viridis’
     All declared Imports should be used.
Flavor: r-oldrel-macos-x86_64