CRAN Package Check Results for Package vdiffr

Last updated on 2020-02-20 09:49:12 CET.

Flavor Version Tinstall Tcheck Ttotal Status Flags
r-devel-linux-x86_64-debian-clang 0.3.1 37.68 48.64 86.32 OK
r-devel-linux-x86_64-debian-gcc 0.3.1 25.12 36.48 61.60 OK
r-devel-linux-x86_64-fedora-clang 0.3.1 119.70 NOTE
r-devel-linux-x86_64-fedora-gcc 0.3.1 107.20 NOTE
r-devel-windows-ix86+x86_64 0.3.1 71.00 111.00 182.00 OK
r-devel-windows-ix86+x86_64-gcc8 0.3.1 114.00 107.00 221.00 OK
r-patched-linux-x86_64 0.3.1 26.91 42.50 69.41 OK
r-patched-solaris-x86 0.3.1 114.90 NOTE
r-release-linux-x86_64 0.3.1 32.65 42.74 75.39 OK
r-release-windows-ix86+x86_64 0.3.1 70.00 94.00 164.00 OK
r-release-osx-x86_64 0.3.1 NOTE
r-oldrel-windows-ix86+x86_64 0.3.1 52.00 92.00 144.00 OK
r-oldrel-osx-x86_64 0.3.1 NOTE

Check Details

Version: 0.3.1
Check: dependencies in R code
Result: NOTE
    Namespace in Imports field not imported from: ‘freetypeharfbuzz’
     All declared Imports should be used.
Flavors: r-devel-linux-x86_64-fedora-clang, r-devel-linux-x86_64-fedora-gcc, r-patched-solaris-x86, r-release-osx-x86_64, r-oldrel-osx-x86_64