Last updated on 2024-03-27 10:09:43 CET.
Flavor | Version | Tinstall | Tcheck | Ttotal | Status | Flags |
---|---|---|---|---|---|---|
r-devel-linux-x86_64-debian-clang | 0.1.3-2 | 1.99 | 31.59 | 33.58 | OK | |
r-devel-linux-x86_64-debian-gcc | 0.1.3-2 | 2.40 | 24.17 | 26.57 | OK | |
r-devel-linux-x86_64-fedora-clang | 0.1.3-2 | 43.83 | OK | |||
r-devel-linux-x86_64-fedora-gcc | 0.1.3-2 | 42.93 | OK | |||
r-devel-windows-x86_64 | 0.1.3-2 | 3.00 | 46.00 | 49.00 | OK | |
r-patched-linux-x86_64 | 0.1.3-2 | 2.30 | 29.79 | 32.09 | NOTE | |
r-release-linux-x86_64 | 0.1.3-2 | 3.09 | 30.51 | 33.60 | NOTE | |
r-release-macos-arm64 | 0.1.3-2 | 18.00 | OK | |||
r-release-macos-x86_64 | 0.1.3-2 | 24.00 | NOTE | |||
r-release-windows-x86_64 | 0.1.3-2 | 5.00 | 47.00 | 52.00 | OK | |
r-oldrel-macos-arm64 | 0.1.3-2 | 18.00 | OK | |||
r-oldrel-windows-x86_64 | 0.1.3-2 | 4.00 | 52.00 | 56.00 | OK |
Version: 0.1.3-2
Check: package dependencies
Result: NOTE
Package suggested but not available for checking: ‘ggtern’
Flavors: r-patched-linux-x86_64, r-release-linux-x86_64, r-release-macos-x86_64