CRAN Package Check Results for Package varycoef

Last updated on 2020-08-06 09:49:17 CEST.

Flavor Version Tinstall Tcheck Ttotal Status Flags
r-devel-linux-x86_64-debian-clang 0.2.12 7.08 222.15 229.23 OK
r-devel-linux-x86_64-debian-gcc 0.2.12 6.53 180.16 186.69 OK
r-devel-linux-x86_64-fedora-clang 0.2.12 298.85 NOTE
r-devel-linux-x86_64-fedora-gcc 0.2.12 315.49 OK
r-devel-windows-ix86+x86_64 0.2.12 20.00 323.00 343.00 OK
r-patched-linux-x86_64 0.2.12 8.56 228.49 237.05 OK
r-patched-solaris-x86 0.2.12 630.50 OK
r-release-linux-x86_64 0.2.12 8.58 229.62 238.20 OK
r-release-macos-x86_64 0.2.12 OK
r-release-windows-ix86+x86_64 0.2.12 20.00 374.00 394.00 OK
r-oldrel-macos-x86_64 0.2.12 OK
r-oldrel-windows-ix86+x86_64 0.2.12 14.00 311.00 325.00 OK

Check Details

Version: 0.2.12
Check: Rd cross-references
Result: NOTE
    Undeclared package ‘spData’ in Rd xrefs
Flavor: r-devel-linux-x86_64-fedora-clang