Last updated on 2023-02-02 10:00:10 CET.
Flavor | Version | Tinstall | Tcheck | Ttotal | Status | Flags |
---|---|---|---|---|---|---|
r-devel-linux-x86_64-debian-clang | 0.1.0 | 2.61 | 24.93 | 27.54 | OK | |
r-devel-linux-x86_64-debian-gcc | 0.1.0 | 1.81 | 19.26 | 21.07 | OK | |
r-devel-linux-x86_64-fedora-clang | 0.1.0 | 33.49 | NOTE | |||
r-devel-linux-x86_64-fedora-gcc | 0.1.0 | 32.33 | OK | |||
r-patched-linux-x86_64 | 0.1.0 | 2.24 | 24.56 | 26.80 | OK | |
r-release-linux-x86_64 | 0.1.0 | 2.35 | 24.07 | 26.42 | OK | |
r-release-macos-arm64 | 0.1.0 | 17.00 | NOTE | |||
r-release-macos-x86_64 | 0.1.0 | 23.00 | NOTE | |||
r-release-windows-x86_64 | 0.1.0 | 20.00 | 58.00 | 78.00 | NOTE | |
r-oldrel-macos-arm64 | 0.1.0 | 17.00 | NOTE | |||
r-oldrel-macos-x86_64 | 0.1.0 | 23.00 | NOTE | |||
r-oldrel-windows-ix86+x86_64 | 0.1.0 | 6.00 | 49.00 | 55.00 | NOTE |
Version: 0.1.0
Check: installed package size
Result: NOTE
installed size is 6.7Mb
sub-directories of 1Mb or more:
extdata 6.6Mb
Flavors: r-devel-linux-x86_64-fedora-clang, r-release-macos-arm64, r-release-macos-x86_64, r-release-windows-x86_64, r-oldrel-macos-arm64, r-oldrel-macos-x86_64, r-oldrel-windows-ix86+x86_64