Last updated on 2023-02-06 09:56:01 CET.
Flavor | Version | Tinstall | Tcheck | Ttotal | Status | Flags |
---|---|---|---|---|---|---|
r-devel-linux-x86_64-debian-clang | 1.1.1 | 6.20 | 126.60 | 132.80 | OK | |
r-devel-linux-x86_64-debian-gcc | 1.1.1 | 4.46 | 82.82 | 87.28 | OK | |
r-devel-linux-x86_64-fedora-clang | 1.1.1 | 157.66 | NOTE | |||
r-devel-linux-x86_64-fedora-gcc | 1.1.1 | 173.48 | NOTE | |||
r-devel-windows-x86_64 | 1.1.1 | 49.00 | 175.00 | 224.00 | OK | |
r-patched-linux-x86_64 | 1.1.1 | 9.83 | 117.56 | 127.39 | OK | |
r-release-linux-x86_64 | 1.1.1 | 5.63 | 114.41 | 120.04 | OK | |
r-release-macos-arm64 | 1.1.1 | 42.00 | NOTE | |||
r-release-macos-x86_64 | 1.1.1 | 59.00 | NOTE | |||
r-release-windows-x86_64 | 1.1.1 | 45.00 | 185.00 | 230.00 | OK | |
r-oldrel-macos-arm64 | 1.1.1 | 36.00 | NOTE | |||
r-oldrel-macos-x86_64 | 1.1.1 | 58.00 | NOTE | |||
r-oldrel-windows-ix86+x86_64 | 1.1.1 | 11.00 | 167.00 | 178.00 | OK |
Version: 1.1.1
Check: dependencies in R code
Result: NOTE
Namespaces in Imports field not imported from:
‘extraDistr’ ‘logitnorm’ ‘nakagami’ ‘tibble’
All declared Imports should be used.
Flavors: r-devel-linux-x86_64-fedora-clang, r-devel-linux-x86_64-fedora-gcc, r-release-macos-arm64, r-release-macos-x86_64, r-oldrel-macos-arm64, r-oldrel-macos-x86_64