CRAN Package Check Results for Package units

Last updated on 2020-09-19 10:48:20 CEST.

Flavor Version Tinstall Tcheck Ttotal Status Flags
r-devel-linux-x86_64-debian-clang 0.6-7 25.39 56.97 82.36 OK
r-devel-linux-x86_64-debian-gcc 0.6-7 18.81 44.25 63.06 OK
r-devel-linux-x86_64-fedora-clang 0.6-7 125.55 OK
r-devel-linux-x86_64-fedora-gcc 0.6-7 113.55 OK
r-devel-windows-ix86+x86_64 0.6-7 53.00 113.00 166.00 NOTE
r-patched-linux-x86_64 0.6-7 21.11 56.61 77.72 OK
r-patched-solaris-x86 0.6-7 115.90 OK
r-release-linux-x86_64 0.6-7 18.61 56.51 75.12 OK
r-release-macos-x86_64 0.6-7 OK
r-release-windows-ix86+x86_64 0.6-7 53.00 134.00 187.00 NOTE
r-oldrel-macos-x86_64 0.6-7 OK
r-oldrel-windows-ix86+x86_64 0.6-7 40.00 128.00 168.00 OK

Check Details

Version: 0.6-7
Check: installed package size
Result: NOTE
     installed size is 5.2Mb
     sub-directories of 1Mb or more:
     doc 2.2Mb
     libs 2.6Mb
Flavors: r-devel-windows-ix86+x86_64, r-release-windows-ix86+x86_64