CRAN Package Check Results for Package units

Last updated on 2020-01-19 09:48:02 CET.

Flavor Version Tinstall Tcheck Ttotal Status Flags
r-devel-linux-x86_64-debian-clang 0.6-5 24.95 55.87 80.82 OK
r-devel-linux-x86_64-debian-gcc 0.6-5 14.28 43.09 57.37 OK
r-devel-linux-x86_64-fedora-clang 0.6-5 107.23 OK
r-devel-linux-x86_64-fedora-gcc 0.6-5 97.68 OK
r-devel-windows-ix86+x86_64 0.6-5 72.00 141.00 213.00 OK
r-devel-windows-ix86+x86_64-gcc8 0.6-5 50.00 146.00 196.00 NOTE
r-patched-linux-x86_64 0.6-5 17.75 51.33 69.08 OK
r-patched-solaris-x86 0.6-5 97.10 OK
r-release-linux-x86_64 0.6-5 18.33 50.89 69.22 OK
r-release-windows-ix86+x86_64 0.6-5 64.00 105.00 169.00 OK
r-release-osx-x86_64 0.6-5 OK
r-oldrel-windows-ix86+x86_64 0.6-5 76.00 104.00 180.00 OK
r-oldrel-osx-x86_64 0.6-5 OK

Check Details

Version: 0.6-5
Check: installed package size
Result: NOTE
     installed size is 5.1Mb
     sub-directories of 1Mb or more:
     doc 2.2Mb
     libs 2.6Mb
Flavor: r-devel-windows-ix86+x86_64-gcc8