CRAN Package Check Results for Package unine

Last updated on 2020-08-13 09:49:16 CEST.

Flavor Version Tinstall Tcheck Ttotal Status Flags
r-devel-linux-x86_64-debian-clang 0.2.0 68.17 27.60 95.77 OK
r-devel-linux-x86_64-debian-gcc 0.2.0 45.11 21.61 66.72 OK
r-devel-linux-x86_64-fedora-clang 0.2.0 140.90 NOTE
r-devel-linux-x86_64-fedora-gcc 0.2.0 113.34 NOTE
r-devel-windows-ix86+x86_64 0.2.0 173.00 80.00 253.00 OK
r-patched-linux-x86_64 0.2.0 44.01 27.40 71.41 OK
r-patched-solaris-x86 0.2.0 110.20 NOTE
r-release-linux-x86_64 0.2.0 44.35 27.07 71.42 OK
r-release-macos-x86_64 0.2.0 NOTE
r-release-windows-ix86+x86_64 0.2.0 164.00 82.00 246.00 OK
r-oldrel-macos-x86_64 0.2.0 NOTE
r-oldrel-windows-ix86+x86_64 0.2.0 128.00 77.00 205.00 OK

Check Details

Version: 0.2.0
Check: data for non-ASCII characters
Result: NOTE
     Note: found 548 marked UTF-8 strings
Flavors: r-devel-linux-x86_64-fedora-clang, r-devel-linux-x86_64-fedora-gcc, r-patched-solaris-x86, r-release-macos-x86_64, r-oldrel-macos-x86_64