CRAN Package Check Results for Package ucminf

Last updated on 2022-12-03 10:51:34 CET.

Flavor Version Tinstall Tcheck Ttotal Status Flags
r-devel-linux-x86_64-debian-clang 1.1-4.1 3.38 23.46 26.84 WARN
r-devel-linux-x86_64-debian-gcc 1.1-4.1 2.13 18.50 20.63 WARN
r-devel-linux-x86_64-fedora-clang 1.1-4.1 45.06 WARN
r-devel-linux-x86_64-fedora-gcc 1.1-4.1 44.94 WARN
r-devel-windows-x86_64 1.1-4.1 14.00 61.00 75.00 OK
r-patched-linux-x86_64 1.1-4.1 2.90 22.57 25.47 OK
r-release-linux-x86_64 1.1-4.1 2.79 22.34 25.13 OK
r-release-macos-arm64 1.1-4.1 27.00 OK
r-release-macos-x86_64 1.1-4.1 26.00 OK
r-release-windows-x86_64 1.1-4.1 8.00 47.00 55.00 OK
r-oldrel-macos-arm64 1.1-4.1 29.00 OK
r-oldrel-macos-x86_64 1.1-4.1 30.00 OK
r-oldrel-windows-ix86+x86_64 1.1-4.1 9.00 48.00 57.00 OK

Check Details

Version: 1.1-4.1
Check: whether package can be installed
Result: WARN
    Found the following significant warnings:
     interface.c:114:21: warning: a function declaration without a prototype is deprecated in all versions of C [-Wstrict-prototypes]
Flavors: r-devel-linux-x86_64-debian-clang, r-devel-linux-x86_64-fedora-clang

Version: 1.1-4.1
Check: whether package can be installed
Result: WARN
    Found the following significant warnings:
     interface.c:114:14: warning: function declaration isn’t a prototype [-Wstrict-prototypes]
Flavors: r-devel-linux-x86_64-debian-gcc, r-devel-linux-x86_64-fedora-gcc

Version: 1.1-4.1
Check: compiled code
Result: NOTE
    File ‘ucminf/libs/ucminf.so’:
     Found no calls to: ‘R_registerRoutines’, ‘R_useDynamicSymbols’
    
    It is good practice to register native routines and to disable symbol
    search.
    
    See ‘Writing portable packages’ in the ‘Writing R Extensions’ manual.
Flavors: r-devel-linux-x86_64-fedora-clang, r-devel-linux-x86_64-fedora-gcc