CRAN Package Check Results for Package uFTIR

Last updated on 2020-08-10 10:03:20 CEST.

Flavor Version Tinstall Tcheck Ttotal Status Flags
r-devel-linux-x86_64-debian-clang 0.1.2 157.26 118.60 275.86 OK
r-devel-linux-x86_64-debian-gcc 0.1.2 114.76 90.79 205.55 OK
r-devel-linux-x86_64-fedora-clang 0.1.2 372.69 NOTE
r-devel-linux-x86_64-fedora-gcc 0.1.2 341.39 OK
r-devel-windows-ix86+x86_64 0.1.2 430.00 586.00 1016.00 NOTE
r-patched-linux-x86_64 0.1.2 119.34 113.22 232.56 OK
r-patched-solaris-x86 0.1.2 415.50 NOTE
r-release-linux-x86_64 0.1.2 118.28 113.31 231.59 OK
r-release-macos-x86_64 0.1.2 NOTE
r-release-windows-ix86+x86_64 0.1.2 442.00 594.00 1036.00 NOTE
r-oldrel-macos-x86_64 0.1.2 NOTE
r-oldrel-windows-ix86+x86_64 0.1.2 296.00 450.00 746.00 NOTE

Check Details

Version: 0.1.2
Check: installed package size
Result: NOTE
     installed size is 7.8Mb
     sub-directories of 1Mb or more:
     data 2.0Mb
     extdata 2.3Mb
     libs 3.2Mb
Flavors: r-devel-linux-x86_64-fedora-clang, r-devel-windows-ix86+x86_64, r-patched-solaris-x86, r-release-macos-x86_64, r-release-windows-ix86+x86_64, r-oldrel-macos-x86_64, r-oldrel-windows-ix86+x86_64