CRAN Package Check Results for Package twitteR

Last updated on 2022-10-04 10:49:48 CEST.

Flavor Version Tinstall Tcheck Ttotal Status Flags
r-devel-linux-x86_64-debian-clang 1.1.9 7.01 45.40 52.41 NOTE
r-devel-linux-x86_64-debian-gcc 1.1.9 6.95 35.35 42.30 NOTE
r-devel-linux-x86_64-fedora-clang 1.1.9 83.67 NOTE
r-devel-linux-x86_64-fedora-gcc 1.1.9 75.21 NOTE
r-devel-windows-x86_64 1.1.9 42.00 75.00 117.00 NOTE
r-patched-linux-x86_64 1.1.9 12.60 44.27 56.87 NOTE
r-release-linux-x86_64 1.1.9 9.58 43.45 53.03 NOTE
r-release-macos-arm64 1.1.9 19.00 NOTE
r-release-macos-x86_64 1.1.9 31.00 NOTE
r-release-windows-x86_64 1.1.9 75.00 96.00 171.00 NOTE
r-oldrel-macos-arm64 1.1.9 24.00 NOTE
r-oldrel-macos-x86_64 1.1.9 38.00 NOTE
r-oldrel-windows-ix86+x86_64 1.1.9 20.00 69.00 89.00 NOTE

Check Details

Version: 1.1.9
Check: LazyData
Result: NOTE
     'LazyData' is specified without a 'data' directory
Flavors: r-devel-linux-x86_64-debian-clang, r-devel-linux-x86_64-debian-gcc, r-devel-linux-x86_64-fedora-clang, r-devel-linux-x86_64-fedora-gcc, r-devel-windows-x86_64, r-patched-linux-x86_64, r-release-linux-x86_64, r-release-macos-arm64, r-release-macos-x86_64, r-release-windows-x86_64, r-oldrel-macos-arm64, r-oldrel-macos-x86_64, r-oldrel-windows-ix86+x86_64