CRAN Package Check Results for Package tvthemes

Last updated on 2022-11-27 09:53:43 CET.

Flavor Version Tinstall Tcheck Ttotal Status Flags
r-devel-linux-x86_64-debian-clang 1.3.2 6.46 116.54 123.00 OK
r-devel-linux-x86_64-debian-gcc 1.3.2 6.39 86.15 92.54 OK
r-devel-linux-x86_64-fedora-clang 1.3.2 160.02 NOTE
r-devel-linux-x86_64-fedora-gcc 1.3.2 159.55 OK
r-devel-windows-x86_64 1.3.2 59.00 160.00 219.00 OK
r-patched-linux-x86_64 1.3.2 8.65 103.01 111.66 OK
r-release-linux-x86_64 1.3.2 5.70 100.42 106.12 OK
r-release-macos-arm64 1.3.2 47.00 OK
r-release-macos-x86_64 1.3.2 59.00 OK
r-release-windows-x86_64 1.3.1 37.00 153.00 190.00 ERROR
r-oldrel-macos-arm64 1.3.2 49.00 OK
r-oldrel-macos-x86_64 1.3.2 63.00 OK
r-oldrel-windows-ix86+x86_64 1.3.2 19.00 134.00 153.00 OK

Check Details

Version: 1.3.2
Check: Rd cross-references
Result: NOTE
    Undeclared package ‘rlang’ in Rd xrefs
Flavor: r-devel-linux-x86_64-fedora-clang

Version: 1.3.1
Check: tests
Result: ERROR
     Running 'testthat.R' [11s]
    Running the tests in 'tests/testthat.R' failed.
    Complete output:
     > library(testthat)
     > library(tvthemes)
     > library(ggplot2)
     >
     > test_check("tvthemes")
     [ FAIL 12 | WARN 43 | SKIP 1 | PASS 861 ]
    
     ══ Skipped tests ═══════════════════════════════════════════════════════════════
     • On CRAN (1)
    
     ══ Failed tests ════════════════════════════════════════════════════════════════
     ── Failure ('test-brooklyn99.R:48'): theme_brooklyn99 works ────────────────────
     thm$axis.ticks$size not equal to 0.15.
     target is NULL, current is numeric
     ── Failure ('test-hilda.R:49'): theme_hildaDay works ───────────────────────────
     thm$axis.ticks$size not equal to 0.15.
     target is NULL, current is numeric
     ── Failure ('test-hilda.R:124'): theme_hildaDusk works ─────────────────────────
     thm$axis.ticks$size not equal to 0.15.
     target is NULL, current is numeric
     ── Failure ('test-hilda.R:197'): theme_hildaNight works ────────────────────────
     thm$axis.ticks$size not equal to 0.15.
     target is NULL, current is numeric
     ── Failure ('test-parksandrec.R:48'): theme_parksAndRec works ──────────────────
     thm$axis.ticks$size not equal to 0.15.
     target is NULL, current is numeric
     ── Failure ('test-parksandrec.R:103'): theme_parksAndRec-light works ───────────
     thm$axis.ticks$size not equal to 0.15.
     target is NULL, current is numeric
     ── Failure ('test-parksandrec.R:160'): theme_parksAndRec-light works ───────────
     thm$axis.ticks$size not equal to 0.15.
     target is NULL, current is numeric
     ── Failure ('test-rickandmorty.R:48'): theme_rickAndMorty works ────────────────
     thm$axis.ticks$size not equal to 0.15.
     target is NULL, current is numeric
     ── Failure ('test-simpsons.R:48'): theme_simpsons works ────────────────────────
     thm$axis.ticks$size not equal to 0.15.
     target is NULL, current is numeric
     ── Failure ('test-spongebob.R:48'): theme_spongeBob works ──────────────────────
     thm$axis.ticks$size not equal to 0.15.
     target is NULL, current is numeric
     ── Failure ('test-thelastairbender.R:48'): theme_theLastAirbender works ────────
     thm$axis.ticks$size not equal to 0.15.
     target is NULL, current is numeric
     ── Failure ('test-thelastairbender.R:103'): theme_avatar works ─────────────────
     thm$axis.ticks$size not equal to 0.15.
     target is NULL, current is numeric
    
     [ FAIL 12 | WARN 43 | SKIP 1 | PASS 861 ]
     Error: Test failures
     Execution halted
Flavor: r-release-windows-x86_64