Last updated on 2024-04-23 10:54:20 CEST.
Flavor | Version | Tinstall | Tcheck | Ttotal | Status | Flags |
---|---|---|---|---|---|---|
r-devel-linux-x86_64-debian-clang | 1.0.1 | 2.12 | 44.78 | 46.90 | NOTE | |
r-devel-linux-x86_64-debian-gcc | 1.0.1 | 1.66 | 33.14 | 34.80 | NOTE | |
r-devel-linux-x86_64-fedora-clang | 1.0.1 | 60.10 | NOTE | |||
r-devel-linux-x86_64-fedora-gcc | 1.0.1 | 69.57 | NOTE | |||
r-prerel-macos-arm64 | 1.0.1 | 28.00 | NOTE | |||
r-prerel-windows-x86_64 | 1.0.1 | 3.00 | 58.00 | 61.00 | NOTE | |
r-patched-linux-x86_64 | 1.0.1 | 2.00 | 42.92 | 44.92 | NOTE | |
r-release-linux-x86_64 | 1.0.1 | 1.82 | 41.31 | 43.13 | NOTE | |
r-release-macos-arm64 | 1.0.1 | 29.00 | NOTE | |||
r-release-macos-x86_64 | 1.0.1 | 44.00 | NOTE | |||
r-release-windows-x86_64 | 1.0.1 | 2.00 | 58.00 | 60.00 | NOTE | |
r-oldrel-macos-arm64 | 1.0.1 | 26.00 | NOTE | |||
r-oldrel-windows-x86_64 | 1.0.1 | 3.00 | 60.00 | 63.00 | NOTE |
Version: 1.0.1
Check: LazyData
Result: NOTE
'LazyData' is specified without a 'data' directory
Flavors: r-devel-linux-x86_64-debian-clang, r-devel-linux-x86_64-debian-gcc, r-devel-linux-x86_64-fedora-clang, r-devel-linux-x86_64-fedora-gcc, r-prerel-macos-arm64, r-prerel-windows-x86_64, r-patched-linux-x86_64, r-release-linux-x86_64, r-release-macos-arm64, r-release-macos-x86_64, r-release-windows-x86_64, r-oldrel-macos-arm64, r-oldrel-windows-x86_64