CRAN Package Check Results for Package tuneR

Last updated on 2020-09-26 09:49:09 CEST.

Flavor Version Tinstall Tcheck Ttotal Status Flags
r-devel-linux-x86_64-debian-clang 1.3.3 15.24 56.85 72.09 OK
r-devel-linux-x86_64-debian-gcc 1.3.3 11.88 43.70 55.58 OK
r-devel-linux-x86_64-fedora-clang 1.3.3 111.85 OK
r-devel-linux-x86_64-fedora-gcc 1.3.3 84.16 OK
r-devel-windows-ix86+x86_64 1.3.3 39.00 98.00 137.00 OK
r-patched-linux-x86_64 1.3.3 12.89 54.35 67.24 OK
r-patched-solaris-x86 1.3.3 106.20 OK
r-release-linux-x86_64 1.3.3 12.56 54.60 67.16 OK
r-release-macos-x86_64 1.3.3 WARN
r-release-windows-ix86+x86_64 1.3.3 33.00 105.00 138.00 OK
r-oldrel-macos-x86_64 1.3.3 OK
r-oldrel-windows-ix86+x86_64 1.3.3 40.00 99.00 139.00 OK

Additional issues

clang-UBSAN

Check Details

Version: 1.3.3
Check: whether package can be installed
Result: WARN
    Found the following significant warnings:
     frame.c:147:21: warning: result of comparison of constant 4 with expression of type 'enum mad_layer' is always false [-Wtautological-constant-out-of-range-compare]
Flavor: r-release-macos-x86_64