CRAN Package Check Results for Package tukeyGH

Last updated on 2022-07-06 10:54:45 CEST.

Flavor Version Tinstall Tcheck Ttotal Status Flags
r-devel-linux-x86_64-debian-clang 1.0.0 2.52 58.43 60.95 OK
r-devel-linux-x86_64-debian-gcc 1.0.0 2.60 44.59 47.19 OK
r-devel-linux-x86_64-fedora-clang 1.0.0 82.41 NOTE
r-devel-linux-x86_64-fedora-gcc 1.0.0 82.95 NOTE
r-devel-windows-x86_64 1.0.0 21.00 86.00 107.00 OK
r-patched-linux-x86_64 1.0.0 3.64 58.07 61.71 OK
r-release-linux-x86_64 1.0.0 2.86 55.32 58.18 OK
r-release-macos-arm64 1.0.0 22.00 NOTE
r-release-macos-x86_64 1.0.0 32.00 NOTE
r-release-windows-x86_64 1.0.0 18.00 84.00 102.00 OK
r-oldrel-macos-arm64 1.0.0 26.00 NOTE
r-oldrel-macos-x86_64 1.0.0 48.00 NOTE
r-oldrel-windows-ix86+x86_64 1.0.0 15.00 85.00 100.00 OK

Check Details

Version: 1.0.0
Check: dependencies in R code
Result: NOTE
    Namespace in Imports field not imported from: ‘Rdpack’
     All declared Imports should be used.
Flavors: r-devel-linux-x86_64-fedora-clang, r-devel-linux-x86_64-fedora-gcc, r-release-macos-arm64, r-release-macos-x86_64, r-oldrel-macos-arm64, r-oldrel-macos-x86_64