Last updated on 2024-05-11 10:48:50 CEST.
Flavor | Version | Tinstall | Tcheck | Ttotal | Status | Flags |
---|---|---|---|---|---|---|
r-devel-linux-x86_64-debian-clang | 0.1.0 | 777.69 | 344.59 | 1122.28 | OK | |
r-devel-linux-x86_64-debian-gcc | 0.1.0 | 622.89 | 303.54 | 926.43 | OK | |
r-devel-linux-x86_64-fedora-clang | 0.1.0 | 1361.80 | NOTE | |||
r-devel-linux-x86_64-fedora-gcc | 0.1.0 | 1837.09 | NOTE | |||
r-devel-windows-x86_64 | 0.1.0 | 505.00 | 353.00 | 858.00 | NOTE | |
r-patched-linux-x86_64 | 0.1.0 | 548.05 | 412.18 | 960.23 | OK | |
r-release-linux-x86_64 | 0.1.0 | 591.08 | 396.35 | 987.43 | OK | |
r-release-macos-arm64 | 0.1.0 | 281.00 | NOTE | |||
r-release-macos-x86_64 | 0.1.0 | 511.00 | NOTE | |||
r-release-windows-x86_64 | 0.1.0 | 502.00 | 347.00 | 849.00 | NOTE | |
r-oldrel-macos-arm64 | 0.1.0 | 262.00 | NOTE | |||
r-oldrel-macos-x86_64 | 0.1.0 | 469.00 | NOTE | |||
r-oldrel-windows-x86_64 | 0.1.0 | 669.00 | 414.00 | 1083.00 | NOTE |
Version: 0.1.0
Check: installed package size
Result: NOTE
installed size is 6.9Mb
sub-directories of 1Mb or more:
libs 5.8Mb
Flavors: r-devel-linux-x86_64-fedora-clang, r-devel-windows-x86_64, r-release-macos-arm64, r-release-macos-x86_64, r-release-windows-x86_64, r-oldrel-macos-arm64, r-oldrel-macos-x86_64, r-oldrel-windows-x86_64
Version: 0.1.0
Check: for GNU extensions in Makefiles
Result: NOTE
GNU make is a SystemRequirements.
Flavors: r-devel-linux-x86_64-fedora-clang, r-devel-linux-x86_64-fedora-gcc, r-release-macos-arm64, r-release-macos-x86_64, r-oldrel-macos-arm64, r-oldrel-macos-x86_64