CRAN Package Check Results for Package tsentiment

Last updated on 2022-09-25 09:51:52 CEST.

Flavor Version Tinstall Tcheck Ttotal Status Flags
r-devel-linux-x86_64-debian-clang 1.0.4 11.18 102.23 113.41 OK
r-devel-linux-x86_64-debian-gcc 1.0.4 10.84 74.46 85.30 OK
r-devel-linux-x86_64-fedora-clang 1.0.4 153.62 NOTE
r-devel-linux-x86_64-fedora-gcc 1.0.4 145.54 NOTE
r-devel-windows-x86_64 1.0.4 33.00 122.00 155.00 OK
r-patched-linux-x86_64 1.0.4 10.54 93.51 104.05 OK
r-release-linux-x86_64 1.0.4 9.39 93.78 103.17 OK
r-release-macos-arm64 1.0.4 40.00 NOTE
r-release-macos-x86_64 1.0.4 69.00 NOTE
r-release-windows-x86_64 1.0.4 26.00 117.00 143.00 OK
r-oldrel-macos-arm64 1.0.4 187.00 NOTE
r-oldrel-macos-x86_64 1.0.4 51.00 NOTE
r-oldrel-windows-ix86+x86_64 1.0.4 27.00 124.00 151.00 OK

Check Details

Version: 1.0.4
Check: dependencies in R code
Result: NOTE
    Namespace in Imports field not imported from: ‘wordcloud2’
     All declared Imports should be used.
Flavors: r-devel-linux-x86_64-fedora-clang, r-devel-linux-x86_64-fedora-gcc, r-release-macos-arm64, r-release-macos-x86_64, r-oldrel-macos-arm64, r-oldrel-macos-x86_64