Last updated on 2023-03-21 10:52:29 CET.
Flavor | Version | Tinstall | Tcheck | Ttotal | Status | Flags |
---|---|---|---|---|---|---|
r-devel-linux-x86_64-debian-clang | 1.0.0 | 46.66 | 170.08 | 216.74 | OK | |
r-devel-linux-x86_64-debian-gcc | 1.0.0 | 33.90 | 124.52 | 158.42 | OK | |
r-devel-linux-x86_64-fedora-clang | 1.0.0 | 277.62 | OK | |||
r-devel-linux-x86_64-fedora-gcc | 1.0.0 | 250.35 | OK | |||
r-patched-linux-x86_64 | 1.0.0 | 38.89 | 152.38 | 191.27 | OK | |
r-release-linux-x86_64 | 1.0.0 | 29.54 | 151.16 | 180.70 | OK | |
r-release-macos-arm64 | 1.0.0 | 70.00 | OK | |||
r-release-macos-x86_64 | 1.0.0 | 124.00 | NOTE | |||
r-release-windows-x86_64 | 1.0.0 | 57.00 | 215.00 | 272.00 | OK | |
r-oldrel-macos-arm64 | 1.0.0 | 80.00 | OK | |||
r-oldrel-macos-x86_64 | 1.0.0 | 87.00 | OK | |||
r-oldrel-windows-ix86+x86_64 | 1.0.0 | 104.00 | 269.00 | 373.00 | NOTE |
Version: 1.0.0
Check: package dependencies
Result: NOTE
Package suggested but not available for checking: ‘MTS’
Flavor: r-release-macos-x86_64
Version: 1.0.0
Check: Rd cross-references
Result: NOTE
Package unavailable to check Rd xrefs: ‘MTS’
Flavor: r-release-macos-x86_64
Version: 1.0.0
Check: R code for possible problems
Result: NOTE
Initiating curl with CURL_SSL_BACKEND: openssl
Flavor: r-oldrel-windows-ix86+x86_64