Last updated on 2024-05-11 10:48:50 CEST.
Flavor | Version | Tinstall | Tcheck | Ttotal | Status | Flags |
---|---|---|---|---|---|---|
r-devel-linux-x86_64-debian-clang | 1.0.5 | 133.69 | 75.95 | 209.64 | OK | |
r-devel-linux-x86_64-debian-gcc | 1.0.5 | 98.29 | 55.62 | 153.91 | OK | |
r-devel-linux-x86_64-fedora-clang | 1.0.5 | 320.48 | OK | |||
r-devel-linux-x86_64-fedora-gcc | 1.0.5 | 360.11 | OK | |||
r-devel-windows-x86_64 | 1.0.5 | 94.00 | 110.00 | 204.00 | OK | |
r-patched-linux-x86_64 | 1.0.5 | 91.24 | 70.00 | 161.24 | OK | |
r-release-linux-x86_64 | 1.0.5 | 93.33 | 71.73 | 165.06 | OK | |
r-release-macos-arm64 | 1.0.5 | 78.00 | OK | |||
r-release-macos-x86_64 | 1.0.5 | 128.00 | OK | |||
r-release-windows-x86_64 | 1.0.5 | 92.00 | 105.00 | 197.00 | OK | |
r-oldrel-macos-arm64 | 1.0.5 | 76.00 | NOTE | |||
r-oldrel-macos-x86_64 | 1.0.5 | 123.00 | OK | |||
r-oldrel-windows-x86_64 | 1.0.5 | 120.00 | 120.00 | 240.00 | OK |
Version: 1.0.5
Check: installed package size
Result: NOTE
installed size is 5.0Mb
sub-directories of 1Mb or more:
libs 4.5Mb
Flavor: r-oldrel-macos-arm64