CRAN Package Check Results for Package tramME

Last updated on 2020-08-08 09:48:54 CEST.

Flavor Version Tinstall Tcheck Ttotal Status Flags
r-devel-linux-x86_64-debian-clang 0.0.3 122.17 327.34 449.51 OK
r-devel-linux-x86_64-debian-gcc 0.0.3 101.57 271.59 373.16 OK
r-devel-linux-x86_64-fedora-clang 0.0.3 571.86 NOTE
r-devel-linux-x86_64-fedora-gcc 0.0.3 579.84 OK
r-devel-windows-ix86+x86_64 0.0.3 195.00 587.00 782.00 NOTE
r-patched-linux-x86_64 0.0.3 105.04 336.03 441.07 OK
r-patched-solaris-x86 0.0.3 751.80 OK
r-release-linux-x86_64 0.0.3 110.99 331.93 442.92 OK
r-release-macos-x86_64 0.0.3 NOTE
r-release-windows-ix86+x86_64 0.0.3 225.00 527.00 752.00 NOTE
r-oldrel-macos-x86_64 0.0.3 NOTE
r-oldrel-windows-ix86+x86_64 0.0.3 177.00 454.00 631.00 NOTE

Check Details

Version: 0.0.3
Check: installed package size
Result: NOTE
     installed size is 34.0Mb
     sub-directories of 1Mb or more:
     libs 33.1Mb
Flavors: r-devel-linux-x86_64-fedora-clang, r-devel-windows-ix86+x86_64, r-release-macos-x86_64, r-release-windows-ix86+x86_64, r-oldrel-macos-x86_64, r-oldrel-windows-ix86+x86_64