Last updated on 2022-06-27 09:50:28 CEST.
Flavor | Version | Tinstall | Tcheck | Ttotal | Status | Flags |
---|---|---|---|---|---|---|
r-devel-linux-x86_64-debian-clang | 1.4.0 | 4.30 | 270.91 | 275.21 | NOTE | |
r-devel-linux-x86_64-debian-gcc | 1.4.0 | 2.93 | 187.93 | 190.86 | NOTE | |
r-devel-linux-x86_64-fedora-clang | 1.4.0 | 326.18 | NOTE | |||
r-devel-linux-x86_64-fedora-gcc | 1.4.0 | 340.61 | NOTE | |||
r-devel-windows-x86_64 | 1.4.0 | 54.00 | 304.00 | 358.00 | NOTE | |
r-patched-linux-x86_64 | 1.4.0 | 5.04 | 266.31 | 271.35 | NOTE | |
r-release-linux-x86_64 | 1.4.0 | 4.01 | 265.55 | 269.56 | NOTE | |
r-release-macos-arm64 | 1.4.0 | 73.00 | NOTE | |||
r-release-macos-x86_64 | 1.4.0 | 108.00 | NOTE | |||
r-release-windows-x86_64 | 1.4.0 | 46.00 | 312.00 | 358.00 | NOTE | |
r-oldrel-macos-arm64 | 1.4.0 | 80.00 | NOTE | |||
r-oldrel-macos-x86_64 | 1.4.0 | 160.00 | NOTE | |||
r-oldrel-windows-ix86+x86_64 | 1.4.0 | 8.00 | 331.00 | 339.00 | NOTE |
Version: 1.4.0
Check: LazyData
Result: NOTE
'LazyData' is specified without a 'data' directory
Flavors: r-devel-linux-x86_64-debian-clang, r-devel-linux-x86_64-debian-gcc, r-devel-linux-x86_64-fedora-clang, r-devel-linux-x86_64-fedora-gcc, r-devel-windows-x86_64, r-patched-linux-x86_64, r-release-linux-x86_64, r-release-macos-arm64, r-release-macos-x86_64, r-release-windows-x86_64, r-oldrel-macos-arm64, r-oldrel-macos-x86_64, r-oldrel-windows-ix86+x86_64