CRAN Package Check Results for Package touchard

Last updated on 2022-07-04 10:52:26 CEST.

Flavor Version Tinstall Tcheck Ttotal Status Flags
r-devel-linux-x86_64-debian-clang 2.0.1 4.91 46.85 51.76 OK
r-devel-linux-x86_64-debian-gcc 2.0.1 2.82 35.18 38.00 OK
r-devel-linux-x86_64-fedora-clang 2.0.1 69.46 NOTE
r-devel-linux-x86_64-fedora-gcc 2.0.1 69.80 OK
r-devel-windows-x86_64 2.0.1 28.00 70.00 98.00 OK
r-patched-linux-x86_64 2.0.1 4.72 44.25 48.97 OK
r-release-linux-x86_64 2.0.1 4.27 44.21 48.48 OK
r-release-macos-arm64 2.0.1 20.00 OK
r-release-macos-x86_64 2.0.1 28.00 OK
r-release-windows-x86_64 2.0.1 23.00 71.00 94.00 OK
r-oldrel-macos-arm64 2.0.1 26.00 OK
r-oldrel-macos-x86_64 2.0.1 35.00 OK
r-oldrel-windows-ix86+x86_64 2.0.1 10.00 65.00 75.00 OK

Check Details

Version: 2.0.1
Check: Rd cross-references
Result: NOTE
    Undeclared package ‘vcd’ in Rd xrefs
Flavor: r-devel-linux-x86_64-fedora-clang