Last updated on 2024-05-05 10:53:42 CEST.
Flavor | Version | Tinstall | Tcheck | Ttotal | Status | Flags |
---|---|---|---|---|---|---|
r-devel-linux-x86_64-debian-clang | 0.1-6 | 33.09 | 43.73 | 76.82 | NOTE | |
r-devel-linux-x86_64-debian-gcc | 0.1-6 | 29.21 | 34.98 | 64.19 | NOTE | |
r-devel-linux-x86_64-fedora-clang | 0.1-6 | 112.96 | NOTE | |||
r-devel-linux-x86_64-fedora-gcc | 0.1-6 | 108.59 | NOTE | |||
r-devel-windows-x86_64 | 0.1-6 | 28.00 | 78.00 | 106.00 | NOTE | |
r-patched-linux-x86_64 | 0.1-6 | 39.55 | 42.04 | 81.59 | NOTE | |
r-release-linux-x86_64 | 0.1-6 | 35.74 | 43.19 | 78.93 | NOTE | |
r-release-macos-arm64 | 0.1-6 | 34.00 | NOTE | |||
r-release-windows-x86_64 | 0.1-6 | 30.00 | 78.00 | 108.00 | NOTE | |
r-oldrel-macos-arm64 | 0.1-6 | 36.00 | NOTE | |||
r-oldrel-macos-x86_64 | 0.1-6 | 54.00 | NOTE | |||
r-oldrel-windows-x86_64 | 0.1-6 | 26.00 | 87.00 | 113.00 | NOTE |
Version: 0.1-6
Check: C++ specification
Result: NOTE
Specified C++11: please drop specification unless essential
Flavors: r-devel-linux-x86_64-debian-clang, r-devel-linux-x86_64-debian-gcc, r-devel-linux-x86_64-fedora-clang, r-devel-linux-x86_64-fedora-gcc, r-devel-windows-x86_64, r-patched-linux-x86_64, r-release-linux-x86_64, r-release-macos-arm64, r-release-windows-x86_64, r-oldrel-macos-arm64, r-oldrel-macos-x86_64, r-oldrel-windows-x86_64