CRAN Package Check Results for Package topologyGSA

Last updated on 2021-10-24 10:04:24 CEST.

Flavor Version Tinstall Tcheck Ttotal Status Flags
r-devel-linux-x86_64-debian-clang 1.4.7 49.79 428.71 478.50 OK
r-devel-linux-x86_64-debian-gcc 1.4.7 43.33 322.01 365.34 OK
r-devel-linux-x86_64-fedora-clang 1.4.7 599.06 OK
r-devel-linux-x86_64-fedora-gcc 1.4.7 584.39 OK
r-devel-windows-x86_64 1.4.7 76.00 344.00 420.00 OK
r-devel-windows-x86_64-gcc10-UCRT 1.4.7 OK
r-patched-linux-x86_64 1.4.7 45.44 405.49 450.93 OK
r-patched-solaris-x86 1.4.7 748.30 OK
r-release-linux-x86_64 1.4.7 43.97 406.83 450.80 OK
r-release-macos-arm64 1.4.7 OK
r-release-macos-x86_64 1.4.7 ERROR
r-release-windows-ix86+x86_64 1.4.7 86.00 456.00 542.00 OK
r-oldrel-macos-x86_64 1.4.7 ERROR
r-oldrel-windows-ix86+x86_64 1.4.7 126.00 511.00 637.00 OK

Check Details

Version: 1.4.7
Check: package dependencies
Result: ERROR
    Package required but not available: ‘qpgraph’
    
    See section ‘The DESCRIPTION file’ in the ‘Writing R Extensions’
    manual.
Flavors: r-release-macos-x86_64, r-oldrel-macos-x86_64