Last updated on 2024-04-18 10:50:07 CEST.
Flavor | Version | Tinstall | Tcheck | Ttotal | Status | Flags |
---|---|---|---|---|---|---|
r-devel-linux-x86_64-debian-clang | 0.50.13 | 14.04 | 170.06 | 184.10 | NOTE | |
r-devel-linux-x86_64-debian-gcc | 0.50.13 | 9.46 | 127.05 | 136.51 | NOTE | |
r-devel-linux-x86_64-fedora-clang | 0.50.13 | 225.12 | NOTE | |||
r-devel-linux-x86_64-fedora-gcc | 0.50.13 | 227.02 | NOTE | |||
r-prerel-macos-arm64 | 0.50.13 | 73.00 | NOTE | |||
r-prerel-windows-x86_64 | 0.50.13 | 12.00 | 143.00 | 155.00 | NOTE | |
r-patched-linux-x86_64 | 0.50.13 | 11.81 | 160.73 | 172.54 | NOTE | |
r-release-linux-x86_64 | 0.50.13 | 8.74 | 159.02 | 167.76 | OK | |
r-release-macos-arm64 | 0.50.13 | 74.00 | OK | |||
r-release-macos-x86_64 | 0.50.13 | 112.00 | OK | |||
r-release-windows-x86_64 | 0.50.13 | 17.00 | 176.00 | 193.00 | OK | |
r-oldrel-macos-arm64 | 0.50.13 | 80.00 | OK | |||
r-oldrel-windows-x86_64 | 0.50.13 | 16.00 | 173.00 | 189.00 | OK |
Version: 0.50.13
Check: Rd files
Result: NOTE
checkRd: (-1) pvalEffectPlot.Rd:90: Lost braces in \itemize; meant \describe ?
checkRd: (-1) pvalEffectPlot.Rd:91: Lost braces in \itemize; meant \describe ?
checkRd: (-1) pvalEffectPlot.Rd:92: Lost braces in \itemize; meant \describe ?
checkRd: (-1) pvalEffectPlot.Rd:93: Lost braces in \itemize; meant \describe ?
checkRd: (-1) pvalEffectPlot.Rd:94: Lost braces in \itemize; meant \describe ?
Flavors: r-devel-linux-x86_64-debian-clang, r-devel-linux-x86_64-debian-gcc, r-devel-linux-x86_64-fedora-clang, r-devel-linux-x86_64-fedora-gcc, r-prerel-macos-arm64, r-prerel-windows-x86_64, r-patched-linux-x86_64
Version: 0.50.13
Check: data for non-ASCII characters
Result: NOTE
Note: found 1 marked UTF-8 string
Flavors: r-devel-linux-x86_64-fedora-clang, r-devel-linux-x86_64-fedora-gcc