Last updated on 2024-04-24 10:23:11 CEST.
Flavor | Version | Tinstall | Tcheck | Ttotal | Status | Flags |
---|---|---|---|---|---|---|
r-devel-linux-x86_64-debian-clang | 1.1.2 | 231.24 | 44.15 | 275.39 | NOTE | |
r-devel-linux-x86_64-debian-gcc | 1.1.2 | 188.18 | 35.55 | 223.73 | NOTE | |
r-devel-linux-x86_64-fedora-clang | 1.1.2 | 463.16 | NOTE | |||
r-devel-linux-x86_64-fedora-gcc | 1.1.2 | 431.40 | NOTE | |||
r-devel-windows-x86_64 | 1.1.2 | 180.00 | 72.00 | 252.00 | NOTE | |
r-patched-linux-x86_64 | 1.1.2 | 217.80 | 42.52 | 260.32 | NOTE | |
r-release-linux-x86_64 | 1.1.2 | 242.50 | 46.79 | 289.29 | NOTE | |
r-release-macos-arm64 | 1.1.2 | 112.00 | NOTE | |||
r-release-windows-x86_64 | 1.1.2 | 223.00 | 88.00 | 311.00 | NOTE | |
r-oldrel-macos-arm64 | 1.1.2 | 98.00 | NOTE | |||
r-oldrel-macos-x86_64 | 1.1.2 | 168.00 | NOTE | |||
r-oldrel-windows-x86_64 | 1.1.2 | 219.00 | 84.00 | 303.00 | OK |
Version: 1.1.2
Check: C++ specification
Result: NOTE
Specified C++14: please drop specification unless essential
Flavors: r-devel-linux-x86_64-debian-clang, r-devel-linux-x86_64-debian-gcc, r-devel-linux-x86_64-fedora-clang, r-devel-linux-x86_64-fedora-gcc, r-devel-windows-x86_64, r-patched-linux-x86_64, r-release-linux-x86_64, r-release-macos-arm64, r-release-windows-x86_64, r-oldrel-macos-x86_64
Version: 1.1.2
Check: Rd files
Result: NOTE
checkRd: (-1) pmvn.Rd:21: Lost braces in \itemize; meant \describe ?
checkRd: (-1) pmvn.Rd:22: Lost braces in \itemize; meant \describe ?
checkRd: (-1) pmvn.Rd:23: Lost braces in \itemize; meant \describe ?
checkRd: (-1) pmvt.Rd:23: Lost braces in \itemize; meant \describe ?
checkRd: (-1) pmvt.Rd:24: Lost braces in \itemize; meant \describe ?
checkRd: (-1) pmvt.Rd:25: Lost braces in \itemize; meant \describe ?
Flavors: r-devel-linux-x86_64-debian-clang, r-devel-linux-x86_64-debian-gcc, r-devel-linux-x86_64-fedora-clang, r-devel-linux-x86_64-fedora-gcc, r-devel-windows-x86_64, r-patched-linux-x86_64
Version: 1.1.2
Check: installed package size
Result: NOTE
installed size is 10.5Mb
sub-directories of 1Mb or more:
libs 10.4Mb
Flavors: r-release-macos-arm64, r-oldrel-macos-arm64, r-oldrel-macos-x86_64