Last updated on 2023-01-28 10:51:44 CET.
Flavor | Version | Tinstall | Tcheck | Ttotal | Status | Flags |
---|---|---|---|---|---|---|
r-devel-linux-x86_64-debian-clang | 0.0.1 | 57.03 | 106.70 | 163.73 | OK | |
r-devel-linux-x86_64-debian-gcc | 0.0.1 | 47.54 | 83.10 | 130.64 | NOTE | |
r-devel-linux-x86_64-fedora-clang | 0.0.1 | 214.55 | NOTE | |||
r-devel-linux-x86_64-fedora-gcc | 0.0.1 | 222.71 | NOTE | |||
r-patched-linux-x86_64 | 0.0.1 | 50.69 | 111.30 | 161.99 | OK | |
r-release-linux-x86_64 | 0.0.1 | 49.48 | 100.60 | 150.08 | OK | |
r-release-macos-arm64 | 0.0.1 | 73.00 | NOTE | |||
r-release-macos-x86_64 | 0.0.1 | 96.00 | NOTE | |||
r-release-windows-x86_64 | 0.0.1 | 51.00 | 167.00 | 218.00 | OK | |
r-oldrel-macos-arm64 | 0.0.1 | 64.00 | NOTE | |||
r-oldrel-macos-x86_64 | 0.0.1 | 101.00 | NOTE | |||
r-oldrel-windows-ix86+x86_64 | 0.0.1 | 134.00 | 197.00 | 331.00 | NOTE |
Version: 0.0.1
Check: C++ specification
Result: NOTE
Specified C++11: please update to current default of C++17
Flavors: r-devel-linux-x86_64-debian-gcc, r-devel-linux-x86_64-fedora-clang, r-devel-linux-x86_64-fedora-gcc
Version: 0.0.1
Check: installed package size
Result: NOTE
installed size is 7.5Mb
sub-directories of 1Mb or more:
doc 2.3Mb
libs 4.7Mb
Flavors: r-release-macos-arm64, r-release-macos-x86_64, r-oldrel-macos-arm64, r-oldrel-macos-x86_64, r-oldrel-windows-ix86+x86_64