CRAN Package Check Results for Package timevis

Last updated on 2020-08-04 09:48:44 CEST.

Flavor Version Tinstall Tcheck Ttotal Status Flags
r-devel-linux-x86_64-debian-clang 0.5 3.07 40.10 43.17 OK
r-devel-linux-x86_64-debian-gcc 0.5 2.58 31.06 33.64 OK
r-devel-linux-x86_64-fedora-clang 0.5 58.56 NOTE
r-devel-linux-x86_64-fedora-gcc 0.5 50.11 NOTE
r-devel-windows-ix86+x86_64 0.5 17.00 63.00 80.00 OK
r-patched-linux-x86_64 0.5 3.10 38.96 42.06 OK
r-patched-solaris-x86 0.5 78.50 NOTE
r-release-linux-x86_64 0.5 2.99 38.93 41.92 OK
r-release-macos-x86_64 0.5 NOTE
r-release-windows-ix86+x86_64 0.5 18.00 96.00 114.00 OK
r-oldrel-macos-x86_64 0.5 NOTE
r-oldrel-windows-ix86+x86_64 0.5 7.00 68.00 75.00 OK

Check Details

Version: 0.5
Check: dependencies in R code
Result: NOTE
    Namespace in Imports field not imported from: ‘lubridate’
     All declared Imports should be used.
Flavors: r-devel-linux-x86_64-fedora-clang, r-devel-linux-x86_64-fedora-gcc, r-patched-solaris-x86, r-release-macos-x86_64, r-oldrel-macos-x86_64