CRAN Package Check Results for Package timeR

Last updated on 2020-09-25 10:50:42 CEST.

Flavor Version Tinstall Tcheck Ttotal Status Flags
r-devel-linux-x86_64-debian-clang 1.2.0 3.02 24.05 27.07 OK
r-devel-linux-x86_64-debian-gcc 1.2.0 2.19 19.07 21.26 OK
r-devel-linux-x86_64-fedora-clang 1.2.0 47.86 NOTE
r-devel-linux-x86_64-fedora-gcc 1.2.0 33.20 NOTE
r-devel-windows-ix86+x86_64 1.2.0 7.00 46.00 53.00 OK
r-patched-linux-x86_64 1.2.0 2.63 23.84 26.47 OK
r-patched-solaris-x86 1.2.0 48.10 NOTE
r-release-linux-x86_64 1.2.0 2.87 23.66 26.53 OK
r-release-macos-x86_64 1.2.0 NOTE
r-release-windows-ix86+x86_64 1.2.0 6.00 49.00 55.00 OK
r-oldrel-macos-x86_64 1.2.0 NOTE
r-oldrel-windows-ix86+x86_64 1.2.0 5.00 44.00 49.00 OK

Check Details

Version: 1.2.0
Check: dependencies in R code
Result: NOTE
    Namespace in Imports field not imported from: ‘lubridate’
     All declared Imports should be used.
Flavors: r-devel-linux-x86_64-fedora-clang, r-devel-linux-x86_64-fedora-gcc, r-patched-solaris-x86, r-release-macos-x86_64, r-oldrel-macos-x86_64