CRAN Package Check Results for Package timeR

Last updated on 2019-12-14 09:51:52 CET.

Flavor Version Tinstall Tcheck Ttotal Status Flags
r-devel-linux-x86_64-debian-clang 1.1.0 3.13 21.29 24.42 OK
r-devel-linux-x86_64-debian-gcc 1.1.0 2.03 17.33 19.36 OK
r-devel-linux-x86_64-fedora-clang 1.1.0 30.28 NOTE
r-devel-linux-x86_64-fedora-gcc 1.1.0 29.33 NOTE
r-devel-windows-ix86+x86_64 1.1.0 5.00 53.00 58.00 OK
r-devel-windows-ix86+x86_64-gcc8 1.1.0 7.00 59.00 66.00 OK
r-patched-linux-x86_64 1.1.0 2.35 19.86 22.21 OK
r-patched-solaris-x86 1.1.0 43.40 NOTE
r-release-linux-x86_64 1.1.0 2.44 20.07 22.51 OK
r-release-windows-ix86+x86_64 1.1.0 4.00 39.00 43.00 OK
r-release-osx-x86_64 1.1.0 NOTE
r-oldrel-windows-ix86+x86_64 1.1.0 4.00 37.00 41.00 OK
r-oldrel-osx-x86_64 1.1.0 NOTE

Check Details

Version: 1.1.0
Check: dependencies in R code
Result: NOTE
    Namespace in Imports field not imported from: ‘lubridate’
     All declared Imports should be used.
Flavors: r-devel-linux-x86_64-fedora-clang, r-devel-linux-x86_64-fedora-gcc, r-patched-solaris-x86, r-release-osx-x86_64, r-oldrel-osx-x86_64