CRAN Package Check Results for Package tidyquant

Last updated on 2020-08-09 09:47:03 CEST.

Flavor Version Tinstall Tcheck Ttotal Status Flags
r-devel-linux-x86_64-debian-clang 1.0.1 12.53 209.62 222.15 OK
r-devel-linux-x86_64-debian-gcc 1.0.1 8.08 154.54 162.62 OK
r-devel-linux-x86_64-fedora-clang 1.0.1 250.53 NOTE
r-devel-linux-x86_64-fedora-gcc 1.0.1 240.92 OK
r-devel-windows-ix86+x86_64 1.0.1 34.00 317.00 351.00 NOTE
r-patched-linux-x86_64 1.0.1 7.37 198.92 206.29 OK
r-patched-solaris-x86 1.0.1 306.10 NOTE
r-release-linux-x86_64 1.0.1 10.13 199.54 209.67 OK
r-release-macos-x86_64 1.0.1 NOTE
r-release-windows-ix86+x86_64 1.0.1 34.00 324.00 358.00 NOTE
r-oldrel-macos-x86_64 1.0.1 NOTE
r-oldrel-windows-ix86+x86_64 1.0.1 20.00 265.00 285.00 NOTE

Check Details

Version: 1.0.1
Check: package dependencies
Result: NOTE
    Imports includes 21 non-default packages.
    Importing from so many packages makes the package vulnerable to any of
    them becoming unavailable. Move as many as possible to Suggests and
    use conditionally.
Flavor: r-devel-linux-x86_64-fedora-clang

Version: 1.0.1
Check: installed package size
Result: NOTE
     installed size is 5.3Mb
     sub-directories of 1Mb or more:
     doc 4.4Mb
Flavors: r-devel-linux-x86_64-fedora-clang, r-devel-windows-ix86+x86_64, r-patched-solaris-x86, r-release-macos-x86_64, r-release-windows-ix86+x86_64, r-oldrel-macos-x86_64, r-oldrel-windows-ix86+x86_64

Version: 1.0.1
Check: package dependencies
Result: NOTE
    Package suggested but not available for checking: ‘Rblpapi’
Flavor: r-patched-solaris-x86