CRAN Package Check Results for Package tidymodels

Last updated on 2020-08-03 10:05:13 CEST.

Flavor Version Tinstall Tcheck Ttotal Status Flags
r-devel-linux-x86_64-debian-clang 0.1.1 13.83 127.12 140.95 OK
r-devel-linux-x86_64-debian-gcc 0.1.1 12.49 97.29 109.78 OK
r-devel-linux-x86_64-fedora-clang 0.1.1 176.14 NOTE
r-devel-linux-x86_64-fedora-gcc 0.1.1 168.17 NOTE
r-devel-windows-ix86+x86_64 0.1.1 46.00 132.00 178.00 OK
r-patched-linux-x86_64 0.1.1 13.98 123.12 137.10 OK
r-patched-solaris-x86 0.1.1 263.70 NOTE
r-release-linux-x86_64 0.1.1 13.88 127.81 141.69 OK
r-release-macos-x86_64 0.1.1 NOTE
r-release-windows-ix86+x86_64 0.1.1 53.00 193.00 246.00 OK
r-oldrel-macos-x86_64 0.1.1 ERROR
r-oldrel-windows-ix86+x86_64 0.1.1 32.00 120.00 152.00 OK

Check Details

Version: 0.1.1
Check: dependencies in R code
Result: NOTE
    Namespaces in Imports field not imported from:
     ‘modeldata’ ‘tidyr’
     All declared Imports should be used.
Flavors: r-devel-linux-x86_64-fedora-clang, r-devel-linux-x86_64-fedora-gcc, r-patched-solaris-x86, r-release-macos-x86_64

Version: 0.1.1
Check: package dependencies
Result: ERROR
    Packages required and available but unsuitable versions:
     'parsnip', 'workflows'
    
    See section ‘The DESCRIPTION file’ in the ‘Writing R Extensions’
    manual.
Flavor: r-oldrel-macos-x86_64