CRAN Package Check Results for Package tidyhydat

Last updated on 2023-02-07 10:54:13 CET.

Flavor Version Tinstall Tcheck Ttotal Status Flags
r-devel-linux-x86_64-debian-clang 0.5.9 8.46 136.29 144.75 ERROR
r-devel-linux-x86_64-debian-gcc 0.5.9 6.05 100.15 106.20 ERROR
r-devel-linux-x86_64-fedora-clang 0.5.9 168.94 ERROR
r-devel-linux-x86_64-fedora-gcc 0.5.9 183.23 ERROR
r-devel-windows-x86_64 0.5.9 35.00 192.00 227.00 ERROR
r-patched-linux-x86_64 0.5.9 9.09 129.07 138.16 OK
r-release-linux-x86_64 0.5.9 8.27 125.88 134.15 OK
r-release-macos-arm64 0.5.9 64.00 OK
r-release-macos-x86_64 0.5.9 93.00 OK
r-release-windows-x86_64 0.5.9 28.00 143.00 171.00 OK
r-oldrel-macos-arm64 0.5.9 68.00 OK
r-oldrel-macos-x86_64 0.5.9 95.00 OK
r-oldrel-windows-ix86+x86_64 0.5.9 17.00 161.00 178.00 OK

Check Details

Version: 0.5.9
Check: tests
Result: ERROR
     Running ‘testthat.R’ [69s/83s]
    Running the tests in ‘tests/testthat.R’ failed.
    Complete output:
     > library(testthat)
     > library(tidyhydat)
     > library(dplyr)
    
     Attaching package: 'dplyr'
    
     The following object is masked from 'package:testthat':
    
     matches
    
     The following objects are masked from 'package:stats':
    
     filter, lag
    
     The following objects are masked from 'package:base':
    
     intersect, setdiff, setequal, union
    
     > library(lubridate)
    
     Attaching package: 'lubridate'
    
     The following objects are masked from 'package:base':
    
     date, intersect, setdiff, union
    
     >
     > test_check("tidyhydat")
     [ FAIL 2 | WARN 0 | SKIP 20 | PASS 198 ]
    
     ══ Skipped tests ═══════════════════════════════════════════════════════════════
     • On CRAN (20)
    
     ══ Failed tests ════════════════════════════════════════════════════════════════
     ── Error ('test_hy_sed_samples.R:58'): hy_sed_samples respects Date specification ──
     Error in ``>=.POSIXt`(min(temp_df$Date), as.Date(date_vector[1]))`: object 'check_tzones' not found
     Backtrace:
     ▆
     1. ├─testthat::expect_true(min(temp_df$Date) >= as.Date(date_vector[1])) at test_hy_sed_samples.R:58:2
     2. │ └─testthat::quasi_label(enquo(object), label, arg = "object")
     3. │ └─rlang::eval_bare(expr, quo_get_env(quo))
     4. └─lubridate (local) `>=.POSIXt`(min(temp_df$Date), as.Date(date_vector[1]))
     ── Error ('test_hy_sed_samples_psd.R:41'): hy_sed_samples_psd respects Date specification ──
     Error in ``>=.POSIXt`(min(temp_df$Date), as.Date(date_vector[1]))`: object 'check_tzones' not found
     Backtrace:
     ▆
     1. ├─testthat::expect_true(min(temp_df$Date) >= as.Date(date_vector[1])) at test_hy_sed_samples_psd.R:41:2
     2. │ └─testthat::quasi_label(enquo(object), label, arg = "object")
     3. │ └─rlang::eval_bare(expr, quo_get_env(quo))
     4. └─lubridate (local) `>=.POSIXt`(min(temp_df$Date), as.Date(date_vector[1]))
    
     [ FAIL 2 | WARN 0 | SKIP 20 | PASS 198 ]
     Error: Test failures
     Execution halted
Flavor: r-devel-linux-x86_64-debian-clang

Version: 0.5.9
Check: tests
Result: ERROR
     Running ‘testthat.R’ [51s/90s]
    Running the tests in ‘tests/testthat.R’ failed.
    Complete output:
     > library(testthat)
     > library(tidyhydat)
     > library(dplyr)
    
     Attaching package: 'dplyr'
    
     The following object is masked from 'package:testthat':
    
     matches
    
     The following objects are masked from 'package:stats':
    
     filter, lag
    
     The following objects are masked from 'package:base':
    
     intersect, setdiff, setequal, union
    
     > library(lubridate)
    
     Attaching package: 'lubridate'
    
     The following objects are masked from 'package:base':
    
     date, intersect, setdiff, union
    
     >
     > test_check("tidyhydat")
     [ FAIL 2 | WARN 0 | SKIP 20 | PASS 198 ]
    
     ══ Skipped tests ═══════════════════════════════════════════════════════════════
     • On CRAN (20)
    
     ══ Failed tests ════════════════════════════════════════════════════════════════
     ── Error ('test_hy_sed_samples.R:58'): hy_sed_samples respects Date specification ──
     Error in ``>=.POSIXt`(min(temp_df$Date), as.Date(date_vector[1]))`: object 'check_tzones' not found
     Backtrace:
     ▆
     1. ├─testthat::expect_true(min(temp_df$Date) >= as.Date(date_vector[1])) at test_hy_sed_samples.R:58:2
     2. │ └─testthat::quasi_label(enquo(object), label, arg = "object")
     3. │ └─rlang::eval_bare(expr, quo_get_env(quo))
     4. └─lubridate (local) `>=.POSIXt`(min(temp_df$Date), as.Date(date_vector[1]))
     ── Error ('test_hy_sed_samples_psd.R:41'): hy_sed_samples_psd respects Date specification ──
     Error in ``>=.POSIXt`(min(temp_df$Date), as.Date(date_vector[1]))`: object 'check_tzones' not found
     Backtrace:
     ▆
     1. ├─testthat::expect_true(min(temp_df$Date) >= as.Date(date_vector[1])) at test_hy_sed_samples_psd.R:41:2
     2. │ └─testthat::quasi_label(enquo(object), label, arg = "object")
     3. │ └─rlang::eval_bare(expr, quo_get_env(quo))
     4. └─lubridate (local) `>=.POSIXt`(min(temp_df$Date), as.Date(date_vector[1]))
    
     [ FAIL 2 | WARN 0 | SKIP 20 | PASS 198 ]
     Error: Test failures
     Execution halted
Flavor: r-devel-linux-x86_64-debian-gcc

Version: 0.5.9
Check: data for non-ASCII characters
Result: NOTE
     Note: found 122 marked UTF-8 strings
Flavors: r-devel-linux-x86_64-fedora-clang, r-devel-linux-x86_64-fedora-gcc

Version: 0.5.9
Check: tests
Result: ERROR
     Running ‘testthat.R’ [75s/113s]
    Running the tests in ‘tests/testthat.R’ failed.
    Complete output:
     > library(testthat)
     > library(tidyhydat)
     > library(dplyr)
    
     Attaching package: 'dplyr'
    
     The following object is masked from 'package:testthat':
    
     matches
    
     The following objects are masked from 'package:stats':
    
     filter, lag
    
     The following objects are masked from 'package:base':
    
     intersect, setdiff, setequal, union
    
     > library(lubridate)
    
     Attaching package: 'lubridate'
    
     The following objects are masked from 'package:base':
    
     date, intersect, setdiff, union
    
     >
     > test_check("tidyhydat")
     [ FAIL 2 | WARN 0 | SKIP 20 | PASS 198 ]
    
     ══ Skipped tests ═══════════════════════════════════════════════════════════════
     • On CRAN (20)
    
     ══ Failed tests ════════════════════════════════════════════════════════════════
     ── Error ('test_hy_sed_samples.R:58'): hy_sed_samples respects Date specification ──
     Error in ``>=.POSIXt`(min(temp_df$Date), as.Date(date_vector[1]))`: object 'check_tzones' not found
     Backtrace:
     ▆
     1. ├─testthat::expect_true(min(temp_df$Date) >= as.Date(date_vector[1])) at test_hy_sed_samples.R:58:2
     2. │ └─testthat::quasi_label(enquo(object), label, arg = "object")
     3. │ └─rlang::eval_bare(expr, quo_get_env(quo))
     4. └─lubridate (local) `>=.POSIXt`(min(temp_df$Date), as.Date(date_vector[1]))
     ── Error ('test_hy_sed_samples_psd.R:41'): hy_sed_samples_psd respects Date specification ──
     Error in ``>=.POSIXt`(min(temp_df$Date), as.Date(date_vector[1]))`: object 'check_tzones' not found
     Backtrace:
     ▆
     1. ├─testthat::expect_true(min(temp_df$Date) >= as.Date(date_vector[1])) at test_hy_sed_samples_psd.R:41:2
     2. │ └─testthat::quasi_label(enquo(object), label, arg = "object")
     3. │ └─rlang::eval_bare(expr, quo_get_env(quo))
     4. └─lubridate (local) `>=.POSIXt`(min(temp_df$Date), as.Date(date_vector[1]))
    
     [ FAIL 2 | WARN 0 | SKIP 20 | PASS 198 ]
     Error: Test failures
     Execution halted
Flavor: r-devel-linux-x86_64-fedora-clang

Version: 0.5.9
Check: tests
Result: ERROR
     Running ‘testthat.R’ [80s/112s]
    Running the tests in ‘tests/testthat.R’ failed.
    Complete output:
     > library(testthat)
     > library(tidyhydat)
     > library(dplyr)
    
     Attaching package: 'dplyr'
    
     The following object is masked from 'package:testthat':
    
     matches
    
     The following objects are masked from 'package:stats':
    
     filter, lag
    
     The following objects are masked from 'package:base':
    
     intersect, setdiff, setequal, union
    
     > library(lubridate)
    
     Attaching package: 'lubridate'
    
     The following objects are masked from 'package:base':
    
     date, intersect, setdiff, union
    
     >
     > test_check("tidyhydat")
     [ FAIL 2 | WARN 0 | SKIP 20 | PASS 198 ]
    
     ══ Skipped tests ═══════════════════════════════════════════════════════════════
     • On CRAN (20)
    
     ══ Failed tests ════════════════════════════════════════════════════════════════
     ── Error ('test_hy_sed_samples.R:58'): hy_sed_samples respects Date specification ──
     Error in ``>=.POSIXt`(min(temp_df$Date), as.Date(date_vector[1]))`: object 'check_tzones' not found
     Backtrace:
     ▆
     1. ├─testthat::expect_true(min(temp_df$Date) >= as.Date(date_vector[1])) at test_hy_sed_samples.R:58:2
     2. │ └─testthat::quasi_label(enquo(object), label, arg = "object")
     3. │ └─rlang::eval_bare(expr, quo_get_env(quo))
     4. └─lubridate (local) `>=.POSIXt`(min(temp_df$Date), as.Date(date_vector[1]))
     ── Error ('test_hy_sed_samples_psd.R:41'): hy_sed_samples_psd respects Date specification ──
     Error in ``>=.POSIXt`(min(temp_df$Date), as.Date(date_vector[1]))`: object 'check_tzones' not found
     Backtrace:
     ▆
     1. ├─testthat::expect_true(min(temp_df$Date) >= as.Date(date_vector[1])) at test_hy_sed_samples_psd.R:41:2
     2. │ └─testthat::quasi_label(enquo(object), label, arg = "object")
     3. │ └─rlang::eval_bare(expr, quo_get_env(quo))
     4. └─lubridate (local) `>=.POSIXt`(min(temp_df$Date), as.Date(date_vector[1]))
    
     [ FAIL 2 | WARN 0 | SKIP 20 | PASS 198 ]
     Error: Test failures
     Execution halted
Flavor: r-devel-linux-x86_64-fedora-gcc

Version: 0.5.9
Check: tests
Result: ERROR
     Running 'testthat.R' [73s]
    Running the tests in 'tests/testthat.R' failed.
    Complete output:
     > library(testthat)
     > library(tidyhydat)
     > library(dplyr)
    
     Attaching package: 'dplyr'
    
     The following object is masked from 'package:testthat':
    
     matches
    
     The following objects are masked from 'package:stats':
    
     filter, lag
    
     The following objects are masked from 'package:base':
    
     intersect, setdiff, setequal, union
    
     > library(lubridate)
    
     Attaching package: 'lubridate'
    
     The following objects are masked from 'package:base':
    
     date, intersect, setdiff, union
    
     >
     > test_check("tidyhydat")
     [ FAIL 2 | WARN 0 | SKIP 20 | PASS 198 ]
    
     ══ Skipped tests ═══════════════════════════════════════════════════════════════
     • On CRAN (20)
    
     ══ Failed tests ════════════════════════════════════════════════════════════════
     ── Error ('test_hy_sed_samples.R:58'): hy_sed_samples respects Date specification ──
     Error in ``>=.POSIXt`(min(temp_df$Date), as.Date(date_vector[1]))`: object 'check_tzones' not found
     Backtrace:
     ▆
     1. ├─testthat::expect_true(min(temp_df$Date) >= as.Date(date_vector[1])) at test_hy_sed_samples.R:58:2
     2. │ └─testthat::quasi_label(enquo(object), label, arg = "object")
     3. │ └─rlang::eval_bare(expr, quo_get_env(quo))
     4. └─lubridate (local) `>=.POSIXt`(min(temp_df$Date), as.Date(date_vector[1]))
     ── Error ('test_hy_sed_samples_psd.R:41'): hy_sed_samples_psd respects Date specification ──
     Error in ``>=.POSIXt`(min(temp_df$Date), as.Date(date_vector[1]))`: object 'check_tzones' not found
     Backtrace:
     ▆
     1. ├─testthat::expect_true(min(temp_df$Date) >= as.Date(date_vector[1])) at test_hy_sed_samples_psd.R:41:2
     2. │ └─testthat::quasi_label(enquo(object), label, arg = "object")
     3. │ └─rlang::eval_bare(expr, quo_get_env(quo))
     4. └─lubridate (local) `>=.POSIXt`(min(temp_df$Date), as.Date(date_vector[1]))
    
     [ FAIL 2 | WARN 0 | SKIP 20 | PASS 198 ]
     Error: Test failures
     Execution halted
Flavor: r-devel-windows-x86_64