CRAN Package Check Results for Package tidygenomics

Last updated on 2023-04-02 09:56:58 CEST.

Flavor Version Tinstall Tcheck Ttotal Status Flags
r-devel-linux-x86_64-debian-clang 0.1.2 23.27 72.00 95.27 NOTE
r-devel-linux-x86_64-debian-gcc 0.1.2 18.24 54.70 72.94 NOTE
r-devel-linux-x86_64-fedora-clang 0.1.2 128.31 NOTE
r-devel-linux-x86_64-fedora-gcc 0.1.2 130.98 NOTE
r-patched-linux-x86_64 0.1.2 21.04 68.52 89.56 NOTE
r-release-linux-x86_64 0.1.2 15.35 70.89 86.24 NOTE
r-release-macos-arm64 0.1.2 39.00 NOTE
r-release-macos-x86_64 0.1.2 65.00 NOTE
r-release-windows-x86_64 0.1.2 42.00 134.00 176.00 NOTE
r-oldrel-macos-arm64 0.1.2 37.00 NOTE
r-oldrel-macos-x86_64 0.1.2 66.00 NOTE
r-oldrel-windows-ix86+x86_64 0.1.2 54.00 148.00 202.00 NOTE

Check Details

Version: 0.1.2
Check: package subdirectories
Result: NOTE
    Problems with news in ‘NEWS.md’:
     Cannot extract version info from the following section titles:
     Initial Release (v0.1.0)
Flavors: r-devel-linux-x86_64-debian-clang, r-devel-linux-x86_64-debian-gcc, r-devel-linux-x86_64-fedora-clang, r-devel-linux-x86_64-fedora-gcc, r-patched-linux-x86_64

Version: 0.1.2
Check: LazyData
Result: NOTE
     'LazyData' is specified without a 'data' directory
Flavors: r-devel-linux-x86_64-debian-clang, r-devel-linux-x86_64-debian-gcc, r-devel-linux-x86_64-fedora-clang, r-devel-linux-x86_64-fedora-gcc, r-patched-linux-x86_64, r-release-linux-x86_64, r-release-macos-arm64, r-release-macos-x86_64, r-release-windows-x86_64, r-oldrel-macos-arm64, r-oldrel-macos-x86_64, r-oldrel-windows-ix86+x86_64