CRAN Package Check Results for Package tidyHeatmap

Last updated on 2020-08-08 09:48:54 CEST.

Flavor Version Tinstall Tcheck Ttotal Status Flags
r-devel-linux-x86_64-debian-clang 1.0.1 7.44 124.61 132.05 OK
r-devel-linux-x86_64-debian-gcc 1.1.4 8.49 114.18 122.67 OK
r-devel-linux-x86_64-fedora-clang 1.1.4 204.05 OK
r-devel-linux-x86_64-fedora-gcc 1.1.4 217.34 OK
r-devel-windows-ix86+x86_64 1.0.1 25.00 176.00 201.00 OK
r-patched-linux-x86_64 1.0.1 7.26 119.81 127.07 OK
r-patched-solaris-x86 1.1.4 232.00 OK
r-release-linux-x86_64 1.0.1 6.51 119.80 126.31 OK
r-release-macos-x86_64 1.0.1 NOTE
r-release-windows-ix86+x86_64 1.0.1 30.00 135.00 165.00 OK
r-oldrel-macos-x86_64 1.0.1 ERROR
r-oldrel-windows-ix86+x86_64 1.0.1 14.00 129.00 143.00 OK

Check Details

Version: 1.0.1
Check: dependencies in R code
Result: NOTE
    Namespace in Imports field not imported from: ‘methods’
     All declared Imports should be used.
Flavor: r-release-macos-x86_64

Version: 1.0.1
Check: package dependencies
Result: ERROR
    Package required and available but unsuitable version: ‘ComplexHeatmap’
    
    See section ‘The DESCRIPTION file’ in the ‘Writing R Extensions’
    manual.
Flavor: r-oldrel-macos-x86_64