CRAN Package Check Results for Package thor

Last updated on 2022-12-07 10:50:12 CET.

Flavor Version Tinstall Tcheck Ttotal Status Flags
r-devel-linux-x86_64-debian-clang 1.1.2 10.74 43.18 53.92 WARN
r-devel-linux-x86_64-debian-gcc 1.1.2 10.00 34.21 44.21 WARN
r-devel-linux-x86_64-fedora-clang 1.1.2 86.19 WARN
r-devel-linux-x86_64-fedora-gcc 1.1.2 87.77 WARN
r-devel-windows-x86_64 1.1.2 37.00 83.00 120.00 WARN
r-patched-linux-x86_64 1.1.2 10.78 39.91 50.69 NOTE
r-release-linux-x86_64 1.1.2 11.10 39.19 50.29 NOTE
r-release-macos-arm64 1.1.2 25.00 NOTE
r-release-macos-x86_64 1.1.2 33.00 NOTE
r-release-windows-x86_64 1.1.2 36.00 77.00 113.00 WARN
r-oldrel-macos-arm64 1.1.2 28.00 NOTE
r-oldrel-macos-x86_64 1.1.2 44.00 NOTE
r-oldrel-windows-ix86+x86_64 1.1.2 32.00 83.00 115.00 NOTE

Check Details

Version: 1.1.2
Check: whether package can be installed
Result: WARN
    Found the following significant warnings:
     ./thor.h:18:15: warning: a function declaration without a prototype is deprecated in all versions of C [-Wstrict-prototypes]
     ./thor.h:21:19: warning: a function declaration without a prototype is deprecated in all versions of C [-Wstrict-prototypes]
     ./thor.h:23:22: warning: a function declaration without a prototype is deprecated in all versions of C [-Wstrict-prototypes]
     ./thor.h:106:21: warning: a function declaration without a prototype is deprecated in all versions of C [-Wstrict-prototypes]
     thor.c:9:15: warning: a function declaration without a prototype is deprecated in all versions of C [-Wstrict-prototypes]
     thor.c:23:19: warning: a function declaration without a prototype is deprecated in all versions of C [-Wstrict-prototypes]
     thor.c:35:22: warning: a function declaration without a prototype is deprecated in all versions of C [-Wstrict-prototypes]
     thor.c:748:21: warning: a function declaration without a prototype is deprecated in all versions of C [-Wstrict-prototypes]
Flavors: r-devel-linux-x86_64-debian-clang, r-devel-linux-x86_64-fedora-clang

Version: 1.1.2
Check: LazyData
Result: NOTE
     'LazyData' is specified without a 'data' directory
Flavors: r-devel-linux-x86_64-debian-clang, r-devel-linux-x86_64-debian-gcc, r-devel-linux-x86_64-fedora-clang, r-devel-linux-x86_64-fedora-gcc, r-devel-windows-x86_64, r-patched-linux-x86_64, r-release-linux-x86_64, r-release-macos-arm64, r-release-macos-x86_64, r-release-windows-x86_64, r-oldrel-macos-arm64, r-oldrel-macos-x86_64, r-oldrel-windows-ix86+x86_64

Version: 1.1.2
Check: compiled code
Result: WARN
    File 'thor/libs/thor.so':
     Found '__sprintf_chk', possibly from 'sprintf' (C)
     Objects: 'lmdb/mdb.o', 'util.o'
    
    Compiled code should not call entry points which might terminate R nor
    write to stdout/stderr instead of to the console, nor use Fortran I/O
    nor system RNGs nor [v]sprintf.
    
    See 'Writing portable packages' in the 'Writing R Extensions' manual.
Flavors: r-devel-linux-x86_64-debian-clang, r-devel-linux-x86_64-debian-gcc, r-devel-linux-x86_64-fedora-gcc

Version: 1.1.2
Check: whether package can be installed
Result: WARN
    Found the following significant warnings:
     thor.h:18:1: warning: function declaration isn’t a prototype [-Wstrict-prototypes]
     thor.h:21:1: warning: function declaration isn’t a prototype [-Wstrict-prototypes]
     thor.h:23:1: warning: function declaration isn’t a prototype [-Wstrict-prototypes]
     thor.h:106:1: warning: function declaration isn’t a prototype [-Wstrict-prototypes]
     thor.c:9:6: warning: function declaration isn’t a prototype [-Wstrict-prototypes]
     thor.c:23:6: warning: function declaration isn’t a prototype [-Wstrict-prototypes]
     thor.c:35:6: warning: function declaration isn’t a prototype [-Wstrict-prototypes]
     thor.c:748:6: warning: function declaration isn’t a prototype [-Wstrict-prototypes]
Flavors: r-devel-linux-x86_64-debian-gcc, r-devel-linux-x86_64-fedora-gcc

Version: 1.1.2
Check: compiled code
Result: WARN
    File ‘thor/libs/thor.so’:
     Found ‘sprintf’, possibly from ‘sprintf’ (C)
     Objects: ‘lmdb/mdb.o’, ‘util.o’
    
    Compiled code should not call entry points which might terminate R nor
    write to stdout/stderr instead of to the console, nor use Fortran I/O
    nor system RNGs nor [v]sprintf.
    
    See ‘Writing portable packages’ in the ‘Writing R Extensions’ manual.
Flavor: r-devel-linux-x86_64-fedora-clang

Version: 1.1.2
Check: whether package can be installed
Result: WARN
    Found the following significant warnings:
     lmdb/mdb.c:10787:5: warning: 'I' flag used with '%x' gnu_printf format [-Wformat=]
     lmdb/mdb.c:10787:5: warning: format '%x' expects argument of type 'unsigned int', but argument 4 has type 'long long unsigned int' [-Wformat=]
     lmdb/mdb.c:10787:24: warning: 'I' flag used with '%x' gnu_printf format [-Wformat=]
     lmdb/mdb.c:10787:24: warning: format '%x' expects argument of type 'unsigned int', but argument 4 has type 'long long unsigned int' [-Wformat=]
     lmdb/mdb.c:10787:24: warning: ISO C does not support the 'I' printf flag [-Wformat=]
     lmdb/mdb.c:10787:24: warning: format '%u' expects argument of type 'unsigned int', but argument 5 has type 'txnid_t' {aka 'long long unsigned int'} [-Wformat=]
Flavor: r-devel-windows-x86_64

Version: 1.1.2
Check: whether package can be installed
Result: WARN
    Found the following significant warnings:
     lmdb/mdb.c:10787:24: warning: ISO C does not support the 'I' printf flag [-Wformat=]
Flavor: r-release-windows-x86_64