CRAN Package Check Results for Package tgp

Last updated on 2020-08-14 10:03:52 CEST.

Flavor Version Tinstall Tcheck Ttotal Status Flags
r-devel-linux-x86_64-debian-clang 2.4-14 29.22 278.92 308.14 OK --no-vignettes
r-devel-linux-x86_64-debian-gcc 2.4-14 22.57 205.47 228.04 OK --no-vignettes
r-devel-linux-x86_64-fedora-clang 2.4-14 394.83 NOTE --no-vignettes
r-devel-linux-x86_64-fedora-gcc 2.4-14 370.10 NOTE --no-vignettes
r-devel-windows-ix86+x86_64 2.4-14 93.00 89.00 182.00 OK --no-examples --no-tests --no-vignettes
r-patched-linux-x86_64 2.4-14 22.65 272.15 294.80 OK --no-vignettes
r-patched-solaris-x86 2.4-14 447.50 OK --no-vignettes
r-release-linux-x86_64 2.4-14 24.81 272.35 297.16 OK --no-vignettes
r-release-macos-x86_64 2.4-14 OK --no-vignettes
r-release-windows-ix86+x86_64 2.4-14 88.00 65.00 153.00 OK --no-examples --no-tests --no-vignettes
r-oldrel-macos-x86_64 2.4-14 OK --no-vignettes
r-oldrel-windows-ix86+x86_64 2.4-14 59.00 81.00 140.00 OK --no-examples --no-tests --no-vignettes

Check Details

Version: 2.4-14
Flags: --no-vignettes
Check: Rd cross-references
Result: NOTE
    Undeclared package ‘akima’ in Rd xrefs
Flavor: r-devel-linux-x86_64-fedora-clang

Version: 2.4-14
Flags: --no-vignettes
Check: compiled code
Result: NOTE
    File ‘tgp/libs/tgp.so’:
     Found no calls to: ‘R_registerRoutines’, ‘R_useDynamicSymbols’
    
    It is good practice to register native routines and to disable symbol
    search.
    
    See ‘Writing portable packages’ in the ‘Writing R Extensions’ manual.
Flavors: r-devel-linux-x86_64-fedora-clang, r-devel-linux-x86_64-fedora-gcc