Last updated on 2024-04-23 10:54:20 CEST.
Flavor | Version | Tinstall | Tcheck | Ttotal | Status | Flags |
---|---|---|---|---|---|---|
r-devel-linux-x86_64-debian-clang | 1.2.0 | 26.94 | 215.62 | 242.56 | OK | |
r-devel-linux-x86_64-debian-gcc | 1.2.0 | 20.26 | 155.32 | 175.58 | OK | |
r-devel-linux-x86_64-fedora-clang | 1.2.1 | 298.50 | NOTE | |||
r-devel-linux-x86_64-fedora-gcc | 1.2.1 | 311.65 | NOTE | |||
r-prerel-macos-arm64 | 1.2.0 | 88.00 | OK | |||
r-prerel-macos-x86_64 | 1.2.1 | 262.00 | OK | |||
r-prerel-windows-x86_64 | 1.2.0 | 22.00 | 174.00 | 196.00 | OK | |
r-patched-linux-x86_64 | 1.2.0 | 17.92 | 201.30 | 219.22 | OK | |
r-release-linux-x86_64 | 1.2.0 | 23.06 | 203.86 | 226.92 | OK | |
r-release-macos-arm64 | 1.2.0 | 91.00 | OK | |||
r-release-macos-x86_64 | 1.2.1 | 224.00 | OK | |||
r-release-windows-x86_64 | 1.2.0 | 28.00 | 217.00 | 245.00 | OK | |
r-oldrel-macos-arm64 | 1.2.0 | 82.00 | OK | |||
r-oldrel-windows-x86_64 | 1.2.0 | 29.00 | 211.00 | 240.00 | OK |
Version: 1.2.1
Check: data for non-ASCII characters
Result: NOTE
Note: found 3 marked UTF-8 strings
Flavors: r-devel-linux-x86_64-fedora-clang, r-devel-linux-x86_64-fedora-gcc